 {"id":72628,"date":"2024-03-14T12:56:55","date_gmt":"2024-03-14T11:56:55","guid":{"rendered":"https:\/\/foodandgood.fr\/etablissement\/restaurant-koenig-im-gruenen-baum\/"},"modified":"2024-06-10T09:50:00","modified_gmt":"2024-06-10T07:50:00","slug":"restaurant-koenig-im-gruenen-baum","status":"publish","type":"etablissement","link":"https:\/\/foodandgood.fr\/de\/restaurant-koenig-im-gruenen-baum\/","title":{"rendered":"Restaurant Koenig \u00e0 l'Arbre Vert"},"excerpt":{"rendered":"","protected":false},"author":6,"comment_status":"closed","ping_status":"closed","template":"","meta":{"_acf_changed":false,"beyondwords_generate_audio":"","beyondwords_integration_method":"","beyondwords_project_id":"","beyondwords_content_id":"","beyondwords_preview_token":"","beyondwords_player_content":"","beyondwords_player_style":"","beyondwords_language_code":"","beyondwords_language_id":"","beyondwords_title_voice_id":"","beyondwords_body_voice_id":"","beyondwords_summary_voice_id":"","beyondwords_error_message":"","beyondwords_disabled":"","beyondwords_delete_content":"","beyondwords_podcast_id":"","beyondwords_hash":"","publish_post_to_speechkit":"","speechkit_hash":"","speechkit_generate_audio":"","speechkit_project_id":"","speechkit_podcast_id":"","speechkit_error_message":"","speechkit_disabled":"","speechkit_access_key":"","speechkit_error":"","speechkit_info":"","speechkit_response":"","speechkit_retries":"","speechkit_status":"","speechkit_updated_at":"","_speechkit_link":"","_speechkit_text":""},"class_list":["post-72628","etablissement","type-etablissement","status-publish","has-post-thumbnail","hentry","type-etablissement-elsassische-kuche","type-etablissement-gastronomisches-kochen"],"acf":{"id_eta_scn":"","id_app_foodandgood":"","id_exponum":"","abo":[],"etoile_michelin":[],"titre_presentation":"Ein Michelin-Stern gl\u00e4nzt auf der Gastronomie von Berrwiller","presentation":"L'Arbre Vert ist eine Institution in Berrwiller, einem kleinen els\u00e4ssischen Dorf, das f\u00fcr seinen Charme und seine Authentizit\u00e4t bekannt ist. Das Restaurant wurde von der Familie Koenig gegr\u00fcndet, die die kulinarischen Traditionen der Region fortf\u00fchrt und gleichzeitig eine innovative Vision einbringt. Die Familie Koenig, mit dem Sternekoch an der Spitze, bem\u00fcht sich, eine raffinierte K\u00fcche anzubieten, die die Produkte der Region hervorhebt.\n\nDas Men\u00fc des Koenig \u00e0 l'Arbre Vert ist eine Hommage an den gastronomischen Reichtum des Elsass. Die angebotenen Gerichte sind das Ergebnis einer sorgf\u00e4ltigen Auswahl der besten lokalen Produkte. Der Chefkoch verwendet moderne Techniken, um traditionelle Rezepte zu verfeinern und so ein einzigartiges kulinarisches Erlebnis zu schaffen.\n\nZu den Spezialit\u00e4ten geh\u00f6rt die G\u00e4nseleberpastete, die sorgf\u00e4ltig zubereitet und mit Beilagen serviert wird, die ihren vollen Geschmack entfalten. Fischgerichte, wie Zander mit Riesling, sind ebenfalls sehr beliebt. Der Chefkoch \u00fcberrascht seine G\u00e4ste gerne mit gewagten, aber harmonischen Geschmackskombinationen, die sein K\u00f6nnen und seine Kreativit\u00e4t widerspiegeln.\n\nDas Restaurant hat zahlreiche Auszeichnungen erhalten, darunter einen Stern im Guide Michelin, der die hervorragende Qualit\u00e4t der K\u00fcche und des Service best\u00e4tigt. Diese Anerkennung ist das Ergebnis harter Arbeit und einer Leidenschaft f\u00fcr die Gastronomie.","types_prestation":false,"photo":64197,"photo_bis":64194,"photo_3":"","adresse":{"address":"Restaurant Koenig \u00e0 l\u2019Arbre Vert, Rue Principale, Berrwiller, France","lat":47.8468357,"lng":7.2198536,"zoom":7,"place_id":"ChIJ09uF4_iBkUcRQRNyZ2wmu_s","name":"Restaurant Koenig \u00e0 l\u2019Arbre Vert","street_number":96,"street_name":"Rue Principale","city":"Berrwiller","state":"Grand Est","post_code":68500,"country":"France","country_short":"FR"},"horaires":"Montag: Geschlossen\nDienstag: Geschlossen\nMittwoch: 12:00 - 13:30, 19:00 - 21:00 Uhr\nDonnerstag: 12:00 - 13:30, 19:00 - 21:00 Uhr\nFreitag: 12:00 - 13:30, 19:00 - 21:00 Uhr\nSamstag: 12:00 - 13:30, 19:00 - 21:00 Uhr\nSonntag: 12:00 - 13:30","tel":"03 89 76 73 19","boutons":[{"title":"Webseite","link":"http:\/\/www.restaurant-koenig.com\/"},{"title":"Geschenkgutschein","link":"https:\/\/aji-box.com\/boutique\/larbrevert"}],"boutons_reservation":"","boutons_social":null,"articles":[{"title":"","text":"Das Restaurant befindet sich in einem traditionellen els\u00e4ssischen Geb\u00e4ude mit seinem charakteristischen Fachwerk und seiner gem\u00fctlichen Atmosph\u00e4re. Der geschmackvoll eingerichtete Speisesaal bietet eine freundliche und elegante Atmosph\u00e4re. Im Sommer k\u00f6nnen Sie auf der schattigen Terrasse die sch\u00f6nen Tage genie\u00dfen, w\u00e4hrend Sie eine gastronomische Mahlzeit zu sich nehmen.\n\nDer Service ist eine weitere St\u00e4rke der Einrichtung. Das Team ist professionell und aufmerksam und versteht es, den G\u00e4sten ein gutes Gef\u00fchl zu vermitteln und ihren Besuch zu einem unvergesslichen Erlebnis zu machen. Jedes Detail ist so gestaltet, dass sich die G\u00e4ste wie zu Hause f\u00fchlen und gleichzeitig einen erstklassigen Service genie\u00dfen k\u00f6nnen.","image":78564}]},"_links":{"self":[{"href":"https:\/\/foodandgood.fr\/de\/wp-json\/wp\/v2\/etablissement\/72628","targetHints":{"allow":["GET"]}}],"collection":[{"href":"https:\/\/foodandgood.fr\/de\/wp-json\/wp\/v2\/etablissement"}],"about":[{"href":"https:\/\/foodandgood.fr\/de\/wp-json\/wp\/v2\/types\/etablissement"}],"author":[{"embeddable":true,"href":"https:\/\/foodandgood.fr\/de\/wp-json\/wp\/v2\/users\/6"}],"replies":[{"embeddable":true,"href":"https:\/\/foodandgood.fr\/de\/wp-json\/wp\/v2\/comments?post=72628"}],"version-history":[{"count":1,"href":"https:\/\/foodandgood.fr\/de\/wp-json\/wp\/v2\/etablissement\/72628\/revisions"}],"predecessor-version":[{"id":78580,"href":"https:\/\/foodandgood.fr\/de\/wp-json\/wp\/v2\/etablissement\/72628\/revisions\/78580"}],"wp:featuredmedia":[{"embeddable":true,"href":"https:\/\/foodandgood.fr\/de\/wp-json\/wp\/v2\/media\/64197"}],"wp:attachment":[{"href":"https:\/\/foodandgood.fr\/de\/wp-json\/wp\/v2\/media?parent=72628"}],"curies":[{"name":"wp","href":"https:\/\/api.w.org\/{rel}","templated":true}]}}

Restaurant Koenig à l'Arbre Vert

Ein Michelin-Stern glänzt auf der Gastronomie von Berrwiller

L'Arbre Vert ist eine Institution in Berrwiller, einem kleinen elsässischen Dorf, das für seinen Charme und seine Authentizität bekannt ist. Das Restaurant wurde von der Familie Koenig gegründet, die die kulinarischen Traditionen der Region fortführt und gleichzeitig eine innovative Vision einbringt. Die Familie Koenig, mit dem Sternekoch an der Spitze, bemüht sich, eine raffinierte Küche anzubieten, die die Produkte der Region hervorhebt.

Das Menü des Koenig à l'Arbre Vert ist eine Hommage an den gastronomischen Reichtum des Elsass. Die angebotenen Gerichte sind das Ergebnis einer sorgfältigen Auswahl der besten lokalen Produkte. Der Chefkoch verwendet moderne Techniken, um traditionelle Rezepte zu verfeinern und so ein einzigartiges kulinarisches Erlebnis zu schaffen.

Zu den Spezialitäten gehört die Gänseleberpastete, die sorgfältig zubereitet und mit Beilagen serviert wird, die ihren vollen Geschmack entfalten. Fischgerichte, wie Zander mit Riesling, sind ebenfalls sehr beliebt. Der Chefkoch überrascht seine Gäste gerne mit gewagten, aber harmonischen Geschmackskombinationen, die sein Können und seine Kreativität widerspiegeln.

Das Restaurant hat zahlreiche Auszeichnungen erhalten, darunter einen Stern im Guide Michelin, der die hervorragende Qualität der Küche und des Service bestätigt. Diese Anerkennung ist das Ergebnis harter Arbeit und einer Leidenschaft für die Gastronomie.

Restaurant Koenig à l’Arbre Vert, Rue Principale, Berrwiller, France

Restaurant Koenig à l’Arbre Vert

Das Restaurant befindet sich in einem traditionellen elsässischen Gebäude mit seinem charakteristischen Fachwerk und seiner gemütlichen Atmosphäre. Der geschmackvoll eingerichtete Speisesaal bietet eine freundliche und elegante Atmosphäre. Im Sommer können Sie auf der schattigen Terrasse die schönen Tage genießen, während Sie eine gastronomische Mahlzeit zu sich nehmen.

Der Service ist eine weitere Stärke der Einrichtung. Das Team ist professionell und aufmerksam und versteht es, den Gästen ein gutes Gefühl zu vermitteln und ihren Besuch zu einem unvergesslichen Erlebnis zu machen. Jedes Detail ist so gestaltet, dass sich die Gäste wie zu Hause fühlen und gleichzeitig einen erstklassigen Service genießen können.
