 {"id":62202,"date":"2023-12-07T18:24:34","date_gmt":"2023-12-07T17:24:34","guid":{"rendered":"https:\/\/foodandgood.fr\/etablissement\/restaurant-le-lien\/"},"modified":"2024-06-10T14:50:11","modified_gmt":"2024-06-10T12:50:11","slug":"restaurant-le-lien","status":"publish","type":"etablissement","link":"https:\/\/foodandgood.fr\/de\/restaurant-le-lien\/","title":{"rendered":"Restaurant Le Lien"},"excerpt":{"rendered":"","protected":false},"author":1,"comment_status":"closed","ping_status":"closed","template":"","meta":{"_acf_changed":false,"beyondwords_generate_audio":"","beyondwords_integration_method":"","beyondwords_project_id":"","beyondwords_content_id":"","beyondwords_preview_token":"","beyondwords_player_content":"","beyondwords_player_style":"","beyondwords_language_code":"","beyondwords_language_id":"","beyondwords_title_voice_id":"","beyondwords_body_voice_id":"","beyondwords_summary_voice_id":"","beyondwords_error_message":"","beyondwords_disabled":"","beyondwords_delete_content":"","beyondwords_podcast_id":"","beyondwords_hash":"","publish_post_to_speechkit":"","speechkit_hash":"","speechkit_generate_audio":"","speechkit_project_id":"","speechkit_podcast_id":"","speechkit_error_message":"","speechkit_disabled":"","speechkit_access_key":"","speechkit_error":"","speechkit_info":"","speechkit_response":"","speechkit_retries":"","speechkit_status":"","speechkit_updated_at":"","_speechkit_link":"","_speechkit_text":""},"class_list":["post-62202","etablissement","type-etablissement","status-publish","has-post-thumbnail","hentry","type-etablissement-franzosische-kuche","type-etablissement-gastronomisches-kochen"],"acf":{"id_eta_scn":"","id_app_foodandgood":29,"id_exponum":"","abo":[],"etoile_michelin":[],"titre_presentation":"Wenn Leidenschaft und kulinarische Komplizenschaft sich begegnen","presentation":"Das Restaurant Le Lien in Belfort ist ein gastronomisches Juwel, das die Philosophie des Lebens und der menschlichen Komplizenschaft perfekt verk\u00f6rpert. Es ist nicht nur ein Ort, an dem man zum Essen kommt, sondern ein Ort des Austauschs und der Geselligkeit, eine Verschmelzung von kulinarischer Tradition und zeitgen\u00f6ssischer Innovation.\n\nHinter diesem Projekt stehen zwei Enthusiasten: Jade und Enzo. Ihre Kellnerin Jade arbeitet seit 2016 in der Gastronomie. Nach einer Ausbildung in Jura entschied sie sich schlie\u00dflich f\u00fcr die Gastronomie, ein Bereich, der ihrer Pers\u00f6nlichkeit und ihren menschlichen und sozialen Werten eher entsprach. Bevor sie zu Le Lien kam, war Jade vier Jahre lang Chefkellnerin im Dix'vins in Belfort, wo sie auch ihr Fachwissen in der Sommelierkunst teilte und so die Erfahrung der G\u00e4ste mit tadellosen Kombinationen von Speisen und Weinen bereicherte.\n\nEnzo, der Chef des Restaurants, hat eine Ausbildung als Koch absolviert. Seine Ausbildung wurde durch verschiedene Praktika in renommierten Einrichtungen wie dem Le Chambard in Kaysersberg und dem Restaurant Le France in Villers-le-Lac bereichert. Diese Erfahrungen haben ihm die Strenge und den Anspruch vermittelt, die notwendig sind, um eine raffinierte K\u00fcche zu kreieren. Enzo verbrachte dann zwei Jahre in S\u00e8te, H\u00e9rault, wo er seine Fachkenntnisse \u00fcber Fisch perfektionierte. Nach seiner R\u00fcckkehr in die Region arbeitete er als Chefkoch im Dix'vins, wo er Jade kennenlernte. Aus dieser sch\u00f6nen Begegnung, die von Komplizenschaft und Leidenschaft gepr\u00e4gt war, entstand Le Lien.","types_prestation":false,"photo":62155,"photo_bis":62146,"photo_3":62164,"adresse":{"address":"Restaurant Le Lien, Faubourg de Montb\u00e9liard, Belfort, France","lat":47.6349487,"lng":6.8573802,"zoom":7,"place_id":"ChIJ2e7oCwE9kkcRUZ9meHTOcJE","name":"Restaurant Le Lien","street_number":32,"street_name":"Faubourg de Montb\u00e9liard","street_name_short":"Fbg de Montb\u00e9liard","city":"Belfort","state":"Bourgogne-Franche-Comt\u00e9","post_code":90000,"country":"France","country_short":"FR"},"horaires":"Montag geschlossen\nDienstag 12:00-13:30, 19:15-21:00\nMittwoch 12:00-13:30, 19:15-21:00\nDonnerstag 12:00-13:30, 19:15-21:00\nFreitag 12:00-13:30, 19:15-21:00\nSamstag 12:00-13:30, 19:15-21:00\nSonntag geschlossen","tel":"03 84 58 05 59","boutons":[{"title":"Webseite","link":"https:\/\/www.restaurant-lelien.com\/"},{"title":"Geschenkgutschein","link":"https:\/\/aji-box.com\/-\/Restaurant-Le-Lien\/"},{"title":"","link":""},{"title":"","link":""}],"boutons_reservation":"","boutons_social":null,"articles":[{"title":"","text":"Enzos K\u00fcche zeichnet sich durch Saisonalit\u00e4t und Pr\u00e4zision beim Kochen aus. Er mag es besonders, ein Produkt in verschiedenen Formen anzubieten: gebraten, kandiert, als Creme, roh, als Emulsion... Die M\u00f6glichkeiten sind gro\u00df, was immer wieder zu Kreativit\u00e4t anregt. \"Die K\u00fcche ist ein Spielplatz f\u00fcr diejenigen, die eine Leidenschaft daf\u00fcr haben\", sagte er.\n\nDer Lien legt auch gro\u00dfen Wert auf Weine. Die Weinkarte, die von Jade sorgf\u00e4ltig ausgew\u00e4hlt wurde, enth\u00e4lt sowohl regionale als auch internationale Weine. Die Weine werden direkt am Fu\u00dfe der Weinberge ausgew\u00e4hlt, was eine au\u00dfergew\u00f6hnliche Qualit\u00e4t und eine perfekte Harmonie mit den Gerichten garantiert.","image":62176},{"title":"","text":"","image":""},{"title":"","text":"","image":""}]},"_links":{"self":[{"href":"https:\/\/foodandgood.fr\/de\/wp-json\/wp\/v2\/etablissement\/62202","targetHints":{"allow":["GET"]}}],"collection":[{"href":"https:\/\/foodandgood.fr\/de\/wp-json\/wp\/v2\/etablissement"}],"about":[{"href":"https:\/\/foodandgood.fr\/de\/wp-json\/wp\/v2\/types\/etablissement"}],"author":[{"embeddable":true,"href":"https:\/\/foodandgood.fr\/de\/wp-json\/wp\/v2\/users\/1"}],"replies":[{"embeddable":true,"href":"https:\/\/foodandgood.fr\/de\/wp-json\/wp\/v2\/comments?post=62202"}],"version-history":[{"count":1,"href":"https:\/\/foodandgood.fr\/de\/wp-json\/wp\/v2\/etablissement\/62202\/revisions"}],"predecessor-version":[{"id":62210,"href":"https:\/\/foodandgood.fr\/de\/wp-json\/wp\/v2\/etablissement\/62202\/revisions\/62210"}],"wp:featuredmedia":[{"embeddable":true,"href":"https:\/\/foodandgood.fr\/de\/wp-json\/wp\/v2\/media\/62155"}],"wp:attachment":[{"href":"https:\/\/foodandgood.fr\/de\/wp-json\/wp\/v2\/media?parent=62202"}],"curies":[{"name":"wp","href":"https:\/\/api.w.org\/{rel}","templated":true}]}}

Das Restaurant Le Lien in Belfort ist ein gastronomisches Juwel, das die Philosophie des Lebens und der menschlichen Komplizenschaft perfekt verkörpert. Es ist nicht nur ein Ort, an dem man zum Essen kommt, sondern ein Ort des Austauschs und der Geselligkeit, eine Verschmelzung von kulinarischer Tradition und zeitgenössischer Innovation.

Hinter diesem Projekt stehen zwei Enthusiasten: Jade und Enzo. Ihre Kellnerin Jade arbeitet seit 2016 in der Gastronomie. Nach einer Ausbildung in Jura entschied sie sich schließlich für die Gastronomie, ein Bereich, der ihrer Persönlichkeit und ihren menschlichen und sozialen Werten eher entsprach. Bevor sie zu Le Lien kam, war Jade vier Jahre lang Chefkellnerin im Dix'vins in Belfort, wo sie auch ihr Fachwissen in der Sommelierkunst teilte und so die Erfahrung der Gäste mit tadellosen Kombinationen von Speisen und Weinen bereicherte.

Enzo, der Chef des Restaurants, hat eine Ausbildung als Koch absolviert. Seine Ausbildung wurde durch verschiedene Praktika in renommierten Einrichtungen wie dem Le Chambard in Kaysersberg und dem Restaurant Le France in Villers-le-Lac bereichert. Diese Erfahrungen haben ihm die Strenge und den Anspruch vermittelt, die notwendig sind, um eine raffinierte Küche zu kreieren. Enzo verbrachte dann zwei Jahre in Sète, Hérault, wo er seine Fachkenntnisse über Fisch perfektionierte. Nach seiner Rückkehr in die Region arbeitete er als Chefkoch im Dix'vins, wo er Jade kennenlernte. Aus dieser schönen Begegnung, die von Komplizenschaft und Leidenschaft geprägt war, entstand Le Lien.

Restaurant Le Lien, Faubourg de Montbéliard, Belfort, France

Faubourg de Montbéliard

Fbg de Montbéliard

Bourgogne-Franche-Comté

Enzos Küche zeichnet sich durch Saisonalität und Präzision beim Kochen aus. Er mag es besonders, ein Produkt in verschiedenen Formen anzubieten: gebraten, kandiert, als Creme, roh, als Emulsion... Die Möglichkeiten sind groß, was immer wieder zu Kreativität anregt. "Die Küche ist ein Spielplatz für diejenigen, die eine Leidenschaft dafür haben", sagte er.

Der Lien legt auch großen Wert auf Weine. Die Weinkarte, die von Jade sorgfältig ausgewählt wurde, enthält sowohl regionale als auch internationale Weine. Die Weine werden direkt am Fuße der Weinberge ausgewählt, was eine außergewöhnliche Qualität und eine perfekte Harmonie mit den Gerichten garantiert.
