 {"id":57558,"date":"2023-11-01T18:33:36","date_gmt":"2023-11-01T17:33:36","guid":{"rendered":"https:\/\/foodandgood.fr\/etablissement\/der-indus\/"},"modified":"2023-11-08T18:29:02","modified_gmt":"2023-11-08T17:29:02","slug":"der-indus","status":"publish","type":"etablissement","link":"https:\/\/foodandgood.fr\/de\/der-indus\/","title":{"rendered":"L'Indus"},"excerpt":{"rendered":"<p>Karim Mansouri hat viele Ideen und hat vor kurzem sein Lokal in der ZI Nord von Colmar in eine Bar umgewandelt.<\/p>\n","protected":false},"author":6,"comment_status":"closed","ping_status":"closed","template":"","meta":{"_acf_changed":false,"beyondwords_generate_audio":"","beyondwords_integration_method":"","beyondwords_project_id":"","beyondwords_content_id":"","beyondwords_preview_token":"","beyondwords_player_content":"","beyondwords_player_style":"","beyondwords_language_code":"","beyondwords_language_id":"","beyondwords_title_voice_id":"","beyondwords_body_voice_id":"","beyondwords_summary_voice_id":"","beyondwords_error_message":"","beyondwords_disabled":"","beyondwords_delete_content":"","beyondwords_podcast_id":"","beyondwords_hash":"","publish_post_to_speechkit":"","speechkit_hash":"","speechkit_generate_audio":"","speechkit_project_id":"","speechkit_podcast_id":"","speechkit_error_message":"","speechkit_disabled":"","speechkit_access_key":"","speechkit_error":"","speechkit_info":"","speechkit_response":"","speechkit_retries":"","speechkit_status":"","speechkit_updated_at":"","_speechkit_link":"","_speechkit_text":""},"class_list":["post-57558","etablissement","type-etablissement","status-publish","has-post-thumbnail","hentry","type-etablissement-riegel"],"acf":{"id_eta_scn":"","id_app_foodandgood":58,"id_exponum":"","abo":[],"etoile_michelin":[],"titre_presentation":"Epizentrum der Gesch\u00e4fte und des Feierns","presentation":"Karim Mansouri hat viele Ideen und hat vor kurzem sein Lokal in der ZI Nord von Colmar in eine Bar umgewandelt. Das INDUS ist dieser trendige Mehrzweckraum, der den Colmarern einen festlichen und gem\u00fctlichen Treffpunkt bieten soll. Alles wurde bis ins kleinste Detail durchdacht: von der Einrichtung verschiedener Zonen \u00fcber die Auswahl der verwendeten Materialien bis hin zu den perfektionierten Lichtspielen. Diese neue Einrichtung eignet sich sowohl f\u00fcr Afterworks als auch f\u00fcr Gesch\u00e4ftstreffen. Und dieser letzte Punkt entwickelt sich tendenziell weiter: ein ultravernetzter Besprechungsraum, der im Obergeschoss gemietet werden kann, ma\u00dfgeschneiderte Dienstleistungen, exklusive Vorteile f\u00fcr Mitgliedsunternehmen... Informieren Sie sich schnell!","types_prestation":false,"photo":63887,"photo_bis":63800,"photo_3":63734,"adresse":{"address":"12 All\u00e9e Ettore Bugatti, Colmar, France","lat":48.09858319999999,"lng":7.3664074,"zoom":7,"place_id":"ChIJ_VwKrxZmkUcRtT0IR4A38gM","name":"12 All. Ettore Bugatti","street_number":12,"street_name":"All\u00e9e Ettore Bugatti","street_name_short":"All. Ettore Bugatti","city":"Colmar","state":"Grand Est","post_code":68000,"country":"France","country_short":"FR"},"horaires":"Montag geschlossen\nDienstag 17:00-22:00\nMittwoch 17:00-22:00\nDonnerstag 17:00-00:00\nFreitag 17:00-00:00\nSamstag 17:00-00:00\nSonntag geschlossen\n","tel":"","boutons":[{"title":"Webseite","link":"https:\/\/sites.google.com\/view\/barlinduscolmar\/accueil"},{"title":"Karte","link":"https:\/\/sites.google.com\/view\/barlinduscolmar\/carte?authuser=0"}],"boutons_reservation":"","boutons_social":null,"articles":[{"title":"","text":"","image":""}]},"_links":{"self":[{"href":"https:\/\/foodandgood.fr\/de\/wp-json\/wp\/v2\/etablissement\/57558","targetHints":{"allow":["GET"]}}],"collection":[{"href":"https:\/\/foodandgood.fr\/de\/wp-json\/wp\/v2\/etablissement"}],"about":[{"href":"https:\/\/foodandgood.fr\/de\/wp-json\/wp\/v2\/types\/etablissement"}],"author":[{"embeddable":true,"href":"https:\/\/foodandgood.fr\/de\/wp-json\/wp\/v2\/users\/6"}],"replies":[{"embeddable":true,"href":"https:\/\/foodandgood.fr\/de\/wp-json\/wp\/v2\/comments?post=57558"}],"version-history":[{"count":2,"href":"https:\/\/foodandgood.fr\/de\/wp-json\/wp\/v2\/etablissement\/57558\/revisions"}],"predecessor-version":[{"id":59636,"href":"https:\/\/foodandgood.fr\/de\/wp-json\/wp\/v2\/etablissement\/57558\/revisions\/59636"}],"wp:featuredmedia":[{"embeddable":true,"href":"https:\/\/foodandgood.fr\/de\/wp-json\/wp\/v2\/media\/63887"}],"wp:attachment":[{"href":"https:\/\/foodandgood.fr\/de\/wp-json\/wp\/v2\/media?parent=57558"}],"curies":[{"name":"wp","href":"https:\/\/api.w.org\/{rel}","templated":true}]}}

Epizentrum der Geschäfte und des Feierns

Karim Mansouri hat viele Ideen und hat vor kurzem sein Lokal in der ZI Nord von Colmar in eine Bar umgewandelt. Das INDUS ist dieser trendige Mehrzweckraum, der den Colmarern einen festlichen und gemütlichen Treffpunkt bieten soll. Alles wurde bis ins kleinste Detail durchdacht: von der Einrichtung verschiedener Zonen über die Auswahl der verwendeten Materialien bis hin zu den perfektionierten Lichtspielen. Diese neue Einrichtung eignet sich sowohl für Afterworks als auch für Geschäftstreffen. Und dieser letzte Punkt entwickelt sich tendenziell weiter: ein ultravernetzter Besprechungsraum, der im Obergeschoss gemietet werden kann, maßgeschneiderte Dienstleistungen, exklusive Vorteile für Mitgliedsunternehmen... Informieren Sie sich schnell!

12 Allée Ettore Bugatti, Colmar, France

Allée Ettore Bugatti
