 {"id":55836,"date":"2023-09-26T14:02:57","date_gmt":"2023-09-26T12:02:57","guid":{"rendered":"https:\/\/foodandgood.fr\/etablissement\/ibis-styles-paris-boulogne-marcel-sembat\/"},"modified":"2023-09-26T14:17:28","modified_gmt":"2023-09-26T12:17:28","slug":"ibis-styles-paris-boulogne-marcel-sembat","status":"publish","type":"etablissement","link":"https:\/\/foodandgood.fr\/de\/etablissement\/ibis-styles-paris-boulogne-marcel-sembat\/","title":{"rendered":"ibis Styles Paris Boulogne<br> Marcel Sembat"},"excerpt":{"rendered":"","protected":false},"author":1,"comment_status":"closed","ping_status":"closed","template":"","meta":{"_acf_changed":false,"beyondwords_generate_audio":"","beyondwords_integration_method":"","beyondwords_project_id":"","beyondwords_content_id":"","beyondwords_preview_token":"","beyondwords_player_content":"","beyondwords_player_style":"","beyondwords_language_code":"","beyondwords_language_id":"","beyondwords_title_voice_id":"","beyondwords_body_voice_id":"","beyondwords_summary_voice_id":"","beyondwords_error_message":"","beyondwords_disabled":"","beyondwords_delete_content":"","beyondwords_podcast_id":"","beyondwords_hash":"","publish_post_to_speechkit":"","speechkit_hash":"","speechkit_generate_audio":"","speechkit_project_id":"","speechkit_podcast_id":"","speechkit_error_message":"","speechkit_disabled":"","speechkit_access_key":"","speechkit_error":"","speechkit_info":"","speechkit_response":"","speechkit_retries":"","speechkit_status":"","speechkit_updated_at":"","_speechkit_link":"","_speechkit_text":""},"class_list":["post-55836","etablissement","type-etablissement","status-publish","has-post-thumbnail","hentry","type-etablissement-schlafen"],"acf":{"id_eta_scn":"","id_app_foodandgood":84,"id_exponum":"","abo":[],"etoile_michelin":[],"titre_presentation":"Wirtschaftliches Designhotel, offen f\u00fcr kreative K\u00f6pfe","presentation":"Sobald Sie sich eingerichtet haben, k\u00f6nnen Sie unsere Sweet Bed-Bettw\u00e4sche genie\u00dfen, die Ihnen eine ruhige Nacht garantiert - Sie werden sie nicht mehr verlassen wollen! Sie werden sicherlich einen kleinen Hunger versp\u00fcren, wir haben auch etwas f\u00fcr Sie in unserem Gourmetbereich! Sie sind bei uns gesch\u00e4ftlich oder zum Vergn\u00fcgen zu Gast. Alles ist in wenigen Minuten erreichbar: Metro Marcel Sembat am Fu\u00dfe des Hotels, Roland Garros, Parc des Princes, Seine Musicale. Die besten Pariser Spots liegen dank der Linie 9 in Ihrer Reichweite.\n\nParis geh\u00f6rt Ihnen. Wir sind nur 15 Minuten vom Eiffelturm entfernt, direkt mit der Metrolinie 9. Eine sch\u00f6ne Art, die Hauptstadt von oben zu entdecken. Ihr Team spielt im Parc des Princes gegen PSG oder sind Sie einfach nur Fan der Mannschaft aus der Hauptstadt? Wir befinden uns nur 15 Minuten zu Fu\u00df vom Stadion entfernt!\n\n\"Stellen Sie Ihre Koffer ab Sie sind gut angekommen! Lust auf Flucht und Spa\u00df, Sie haben sich nicht in der Adresse geirrt. Unser Hotel im Herzen von Boulogne Billancourt wird Sie mit seinem atypischen Design \u00fcberraschen: \"Zur\u00fcck von der Reise\", und seinem so herzlichen Team!\"\n\n<cite>Mrs St\u00e9phanie OULOUNA, Hoteldirektion<\/cite>","types_prestation":false,"photo":55794,"photo_bis":"","photo_3":"","adresse":{"address":"92 boulevard de la r\u00e9publique, 92100, Boulogne","lat":48.8323512,"lng":2.2510667,"zoom":7,"place_id":"ChIJJzkEmux65kcRJFXUrzhOvRE","street_number":null,"street_name":"Boulevard de la R\u00e9publique","city":"Boulogne-Billancourt","state":"\u00cele-de-France","post_code":92100,"country":"France","country_short":"FR"},"horaires":"7 Tage die Woche\n\nAnkunft ab 12:00 - Abreise bis 12.00 Uhr","tel":"01 46 08 08 02","boutons":[{"title":"Webseite","link":"https:\/\/all.accor.com\/hotel\/A039\/index.fr.shtml?utm_campaign=seo+maps&utm_medium=seo+maps&utm_source=google+Maps"},{"title":"Zimmer","link":"https:\/\/all.accor.com\/hotel\/A039\/index.fr.shtml?utm_campaign=seo+maps&utm_medium=seo+maps&utm_source=google+Maps#section-rooms"},{"title":"Dienstleistungen des Hotels","link":"https:\/\/all.accor.com\/hotel\/A039\/index.fr.shtml?utm_campaign=seo+maps&utm_medium=seo+maps&utm_source=google+Maps#section-facilities"},{"title":"Accor-Gruppe","link":"https:\/\/all.accor.com\/loyalty-program\/reasonstojoin\/index.fr.shtml"}],"boutons_reservation":"","boutons_social":null,"articles":[{"title":"","text":"<h2>Ein idealer Standort<\/h2>\nParis geh\u00f6rt Ihnen. Wir sind nur 15 Minuten vom Eiffelturm entfernt, direkt mit der Metrolinie 9. Eine sch\u00f6ne Art, die Hauptstadt von oben zu entdecken. Ihr Team spielt im Parc des Princes gegen PSG oder sind Sie einfach nur Fan der Mannschaft aus der Hauptstadt? Wir befinden uns nur 15 Minuten zu Fu\u00df vom Stadion entfernt!","image":55840},{"title":"","text":"<h2>Fr\u00fchst\u00fcck<\/h2>\nIn unserem Hotel ibis Styles k\u00f6nnen Sie jeden Morgen unser All-you-can-eat-Fr\u00fchst\u00fccksbuffet genie\u00dfen, das Sie in unserem Speisesaal zu sich nehmen k\u00f6nnen.\n\nSie werden begeistert sein, dass es hier eine gro\u00dfe Auswahl an frischen Produkten zum Probieren gibt, und es ist f\u00fcr jeden Geschmack etwas dabei. Ob Sie nun Wurstwaren, hei\u00dfe Getr\u00e4nke, frisches Obst oder franz\u00f6sisches Geb\u00e4ck m\u00f6gen, hier werden Sie f\u00fcndig!","image":55748},{"title":"","text":"<h2>Ibis Styles, f\u00fcr Ihr Vergn\u00fcgen<\/h2>\nBei ibis Styles erwarten Sie ger\u00e4umige und komfortable Zimmer mit einem modernen und gem\u00fctlichen Innendesign.\n\nUnser motiviertes und mehrsprachiges Team wird Ihnen eine angenehme Erfahrung bei ibis Styles bieten.\n\nZ\u00f6gern Sie nicht, sich in unserem Entspannungsbereich zu erholen, wo Sie sich auf einem bequemen Sofa in einem elegant dekorierten Raum entspannen k\u00f6nnen.","image":55783}]},"_links":{"self":[{"href":"https:\/\/foodandgood.fr\/de\/wp-json\/wp\/v2\/etablissement\/55836","targetHints":{"allow":["GET"]}}],"collection":[{"href":"https:\/\/foodandgood.fr\/de\/wp-json\/wp\/v2\/etablissement"}],"about":[{"href":"https:\/\/foodandgood.fr\/de\/wp-json\/wp\/v2\/types\/etablissement"}],"author":[{"embeddable":true,"href":"https:\/\/foodandgood.fr\/de\/wp-json\/wp\/v2\/users\/1"}],"replies":[{"embeddable":true,"href":"https:\/\/foodandgood.fr\/de\/wp-json\/wp\/v2\/comments?post=55836"}],"version-history":[{"count":1,"href":"https:\/\/foodandgood.fr\/de\/wp-json\/wp\/v2\/etablissement\/55836\/revisions"}],"predecessor-version":[{"id":55858,"href":"https:\/\/foodandgood.fr\/de\/wp-json\/wp\/v2\/etablissement\/55836\/revisions\/55858"}],"wp:featuredmedia":[{"embeddable":true,"href":"https:\/\/foodandgood.fr\/de\/wp-json\/wp\/v2\/media\/55794"}],"wp:attachment":[{"href":"https:\/\/foodandgood.fr\/de\/wp-json\/wp\/v2\/media?parent=55836"}],"curies":[{"name":"wp","href":"https:\/\/api.w.org\/{rel}","templated":true}]}}

Wirtschaftliches Designhotel, offen für kreative Köpfe

Sobald Sie sich eingerichtet haben, können Sie unsere Sweet Bed-Bettwäsche genießen, die Ihnen eine ruhige Nacht garantiert - Sie werden sie nicht mehr verlassen wollen! Sie werden sicherlich einen kleinen Hunger verspüren, wir haben auch etwas für Sie in unserem Gourmetbereich! Sie sind bei uns geschäftlich oder zum Vergnügen zu Gast. Alles ist in wenigen Minuten erreichbar: Metro Marcel Sembat am Fuße des Hotels, Roland Garros, Parc des Princes, Seine Musicale. Die besten Pariser Spots liegen dank der Linie 9 in Ihrer Reichweite.

Paris gehört Ihnen. Wir sind nur 15 Minuten vom Eiffelturm entfernt, direkt mit der Metrolinie 9. Eine schöne Art, die Hauptstadt von oben zu entdecken. Ihr Team spielt im Parc des Princes gegen PSG oder sind Sie einfach nur Fan der Mannschaft aus der Hauptstadt? Wir befinden uns nur 15 Minuten zu Fuß vom Stadion entfernt!

"Stellen Sie Ihre Koffer ab Sie sind gut angekommen! Lust auf Flucht und Spaß, Sie haben sich nicht in der Adresse geirrt. Unser Hotel im Herzen von Boulogne Billancourt wird Sie mit seinem atypischen Design überraschen: "Zurück von der Reise", und seinem so herzlichen Team!"

<cite>Mrs Stéphanie OULOUNA, Hoteldirektion</cite>

92 boulevard de la république, 92100, Boulogne

Boulevard de la République

Île-de-France

<h2>Ein idealer Standort</h2>
Paris gehört Ihnen. Wir sind nur 15 Minuten vom Eiffelturm entfernt, direkt mit der Metrolinie 9. Eine schöne Art, die Hauptstadt von oben zu entdecken. Ihr Team spielt im Parc des Princes gegen PSG oder sind Sie einfach nur Fan der Mannschaft aus der Hauptstadt? Wir befinden uns nur 15 Minuten zu Fuß vom Stadion entfernt!

<h2>Frühstück</h2>
In unserem Hotel ibis Styles können Sie jeden Morgen unser All-you-can-eat-Frühstücksbuffet genießen, das Sie in unserem Speisesaal zu sich nehmen können.

Sie werden begeistert sein, dass es hier eine große Auswahl an frischen Produkten zum Probieren gibt, und es ist für jeden Geschmack etwas dabei. Ob Sie nun Wurstwaren, heiße Getränke, frisches Obst oder französisches Gebäck mögen, hier werden Sie fündig!

<h2>Ibis Styles, für Ihr Vergnügen</h2>
Bei ibis Styles erwarten Sie geräumige und komfortable Zimmer mit einem modernen und gemütlichen Innendesign.

Unser motiviertes und mehrsprachiges Team wird Ihnen eine angenehme Erfahrung bei ibis Styles bieten.

Zögern Sie nicht, sich in unserem Entspannungsbereich zu erholen, wo Sie sich auf einem bequemen Sofa in einem elegant dekorierten Raum entspannen können.
