 {"id":50648,"date":"2023-07-04T17:07:43","date_gmt":"2023-07-04T15:07:43","guid":{"rendered":"https:\/\/foodandgood.fr\/etablissement\/herve-gehin\/"},"modified":"2024-07-01T12:12:39","modified_gmt":"2024-07-01T10:12:39","slug":"herve-gehin","status":"publish","type":"etablissement","link":"https:\/\/foodandgood.fr\/de\/herve-gehin\/","title":{"rendered":"Herv\u00e9 GEHIN"},"excerpt":{"rendered":"","protected":false},"author":6,"comment_status":"closed","ping_status":"closed","template":"","meta":{"_acf_changed":false,"beyondwords_generate_audio":"","beyondwords_integration_method":"","beyondwords_project_id":"","beyondwords_content_id":"","beyondwords_preview_token":"","beyondwords_player_content":"","beyondwords_player_style":"","beyondwords_language_code":"","beyondwords_language_id":"","beyondwords_title_voice_id":"","beyondwords_body_voice_id":"","beyondwords_summary_voice_id":"","beyondwords_error_message":"","beyondwords_disabled":"","beyondwords_delete_content":"","beyondwords_podcast_id":"","beyondwords_hash":"","publish_post_to_speechkit":"","speechkit_hash":"","speechkit_generate_audio":"","speechkit_project_id":"","speechkit_podcast_id":"","speechkit_error_message":"","speechkit_disabled":"","speechkit_access_key":"","speechkit_error":"","speechkit_info":"","speechkit_response":"","speechkit_retries":"","speechkit_status":"","speechkit_updated_at":"","_speechkit_link":"","_speechkit_text":""},"class_list":["post-50648","etablissement","type-etablissement","status-publish","has-post-thumbnail","hentry","type-etablissement-kulinarisch-einkaufen"],"acf":{"id_eta_scn":"","id_app_foodandgood":"","id_exponum":"","abo":[],"etoile_michelin":[],"titre_presentation":"Leidenschaft f\u00fcr Holzenergie","presentation":"Die Geschichte der <strong>HERVE GEHIN CHEMINEES<\/strong> begann am 1. Januar 1981. Dies ist die warmherzige Geschichte einer Leidenschaft f\u00fcr Holzenergie.\n\nHerv\u00e9 G\u00e9hin gr\u00fcndete sein Unternehmen im Alter von 21 Jahren. Der kleine Handwerker entwirft, fertigt und installiert individuell gestaltete Kamine. Er arbeitet in einem Atelier in Cornimont in den Hochvogesen. Seit diesen fr\u00fchen Jahren verfolgen Herv\u00e9 G\u00e9hin und sein Team die Entwicklung der verschiedenen Systeme, immer auf demselben Weg, dem des Kamins und des Holzofens.\n\nDiese Leidenschaft wurde 1993 durch eine echte Liebe auf den ersten Blick f\u00fcr ein Produkt verst\u00e4rkt, f\u00fcr das er sofort eine gro\u00dfe Zukunft sah... den finnischen Ofen TULIKIVI und sein au\u00dfergew\u00f6hnliches Konzept, das schnell zur Referenz f\u00fcr Speicher\u00f6fen wurde.\n\nHeute befindet sich der Hauptsitz des Unternehmens in <strong>Remiremont<\/strong> in einem Geb\u00e4ude am Rande der vierspurigen Stra\u00dfe auf der Achse Metz Mulhouse. Dieser Standort besteht aus einer 300 m\u00b2 gro\u00dfen Ausstellungshalle, B\u00fcros und einem 1900 m\u00b2 gro\u00dfen Werkstatt- und Lagerbereich.\n\nWir haben auch einen Ausstellungsladen in <strong>Colmar<\/strong> und einen weiteren in <strong>Jouy-aux-Arches (Metz)<\/strong>. Wenn wir auf die Entwicklung des kleinen Unternehmens zur\u00fcckblicken, ist es uns eine gro\u00dfe Freude zu beobachten, wie unsere 18 Mitarbeiter gut gelaunt daran arbeiten, die nat\u00fcrliche W\u00e4rme erneuerbarer Energie in die H\u00e4user unserer Kunden zu bringen.","types_prestation":false,"photo":50633,"photo_bis":50667,"photo_3":50688,"adresse":{"address":"Cheminees Herve Gehin Colmar, Rue des Fr\u00e8res Lumi\u00e8re, Colmar, France","lat":48.1106961,"lng":7.3704969,"zoom":7,"place_id":"ChIJ8xiliTlmkUcRvurCLBOI78w","name":"Cheminees Herve Gehin Colmar","street_number":10,"street_name":"Rue des Fr\u00e8res Lumi\u00e8re","city":"Colmar","state":"Grand Est","post_code":68000,"country":"France","country_short":"FR"},"horaires":"Montag: Geschlossen\nDienstag: 09:30 - 12:30, 14:00 - 18:30 Uhr\nMittwoch: 09:30 - 12:30, 14:00 - 18:30\nDonnerstag: 09:30 - 12:30, 14:00 - 18:30 Uhr\nFreitag: 09:30 - 12:30, 14:00 - 18:30 Uhr\nSamstag: 09:00 - 18:00 Uhr\nSonntag: Geschlossen","tel":"03 89 29 09 43","boutons":[{"title":"Webseite","link":"http:\/\/herve-gehin.fr\/"}],"boutons_reservation":"","boutons_social":null,"articles":[{"title":"","text":"Der Holzofen CIAO M TOP verf\u00fcgt \u00fcber ein gepflegtes und zeitloses Design; ein hochwertiger Edelstahl, der behandelt wurde, um hohen Temperaturen standzuhalten. Mit dem Holzofen CIAO k\u00f6nnen Sie in einem Augenblick (90 Sekunden) zwei Pizzen oder zwei Kilo selbstgebackenes Brot backen und dabei nur ein Minimum an Holz verbrauchen. Das Edelstahlgew\u00f6lbe, das schnell hohe Temperaturen erreicht, h\u00e4lt die W\u00e4rme lange im Inneren.\nDie Backofent\u00fcr ist leicht zu handhaben und wird einfach in die beiden Schlitze unter der Backofen\u00f6ffnung geschoben. Sie ist mehr oder weniger verschlossen und erm\u00f6glicht es, die Sortierung des Ofens zur Kontrolle des Feuers leicht einzustellen. Dank des Holzgriffs l\u00e4sst sich die Ofent\u00fcr leicht greifen, ohne dass man Gefahr l\u00e4uft, sich zu verbrennen.\nDas Pyrometer zeigt kontinuierlich die Temperatur in der Brennkammer an und gibt den Startschuss, um Ihre Rezepte in den Ofen zu schieben. Ein Kochvorgang, den Sie dank des Glases in der T\u00fcr \u00fcberwachen k\u00f6nnen.","image":50723},{"title":"","text":"\"Beeindruckend\" ist das Adjektiv, das The Bastard Large Classic oder Urban am besten beschreibt. Dank seiner idealen Gr\u00f6\u00dfe k\u00f6nnen Sie auf Ihrem Tisch verschiedene Arten von k\u00f6stlichen Gerichten f\u00fcr Ihre ganze Familie und alle Ihre Freunde pr\u00e4sentieren. Es ist f\u00fcr echte Kochfans gemacht, daher ist es kein Wunder, dass das Large unser meistverkauftes Bastard ist.\n\nDie Innovationen von The Bastard: Pr\u00e4zisionsoberscheibe aus Gusseisen, leicht zu \u00f6ffnendes Scharniersystem, besonders dicker Grillrost aus Edelstahl (7 mm), Verbesserung des niederl\u00e4ndischen Designs.","image":50731}]},"_links":{"self":[{"href":"https:\/\/foodandgood.fr\/de\/wp-json\/wp\/v2\/etablissement\/50648","targetHints":{"allow":["GET"]}}],"collection":[{"href":"https:\/\/foodandgood.fr\/de\/wp-json\/wp\/v2\/etablissement"}],"about":[{"href":"https:\/\/foodandgood.fr\/de\/wp-json\/wp\/v2\/types\/etablissement"}],"author":[{"embeddable":true,"href":"https:\/\/foodandgood.fr\/de\/wp-json\/wp\/v2\/users\/6"}],"replies":[{"embeddable":true,"href":"https:\/\/foodandgood.fr\/de\/wp-json\/wp\/v2\/comments?post=50648"}],"version-history":[{"count":1,"href":"https:\/\/foodandgood.fr\/de\/wp-json\/wp\/v2\/etablissement\/50648\/revisions"}],"predecessor-version":[{"id":50657,"href":"https:\/\/foodandgood.fr\/de\/wp-json\/wp\/v2\/etablissement\/50648\/revisions\/50657"}],"wp:featuredmedia":[{"embeddable":true,"href":"https:\/\/foodandgood.fr\/de\/wp-json\/wp\/v2\/media\/50633"}],"wp:attachment":[{"href":"https:\/\/foodandgood.fr\/de\/wp-json\/wp\/v2\/media?parent=50648"}],"curies":[{"name":"wp","href":"https:\/\/api.w.org\/{rel}","templated":true}]}}

Hervé GEHIN

Leidenschaft für Holzenergie

Die Geschichte der <strong>HERVE GEHIN CHEMINEES</strong> begann am 1. Januar 1981. Dies ist die warmherzige Geschichte einer Leidenschaft für Holzenergie.

Hervé Géhin gründete sein Unternehmen im Alter von 21 Jahren. Der kleine Handwerker entwirft, fertigt und installiert individuell gestaltete Kamine. Er arbeitet in einem Atelier in Cornimont in den Hochvogesen. Seit diesen frühen Jahren verfolgen Hervé Géhin und sein Team die Entwicklung der verschiedenen Systeme, immer auf demselben Weg, dem des Kamins und des Holzofens.

Diese Leidenschaft wurde 1993 durch eine echte Liebe auf den ersten Blick für ein Produkt verstärkt, für das er sofort eine große Zukunft sah... den finnischen Ofen TULIKIVI und sein außergewöhnliches Konzept, das schnell zur Referenz für Speicheröfen wurde.

Heute befindet sich der Hauptsitz des Unternehmens in <strong>Remiremont</strong> in einem Gebäude am Rande der vierspurigen Straße auf der Achse Metz Mulhouse. Dieser Standort besteht aus einer 300 m² großen Ausstellungshalle, Büros und einem 1900 m² großen Werkstatt- und Lagerbereich.

Wir haben auch einen Ausstellungsladen in <strong>Colmar</strong> und einen weiteren in <strong>Jouy-aux-Arches (Metz)</strong>. Wenn wir auf die Entwicklung des kleinen Unternehmens zurückblicken, ist es uns eine große Freude zu beobachten, wie unsere 18 Mitarbeiter gut gelaunt daran arbeiten, die natürliche Wärme erneuerbarer Energie in die Häuser unserer Kunden zu bringen.

Cheminees Herve Gehin Colmar, Rue des Frères Lumière, Colmar, France

Rue des Frères Lumière

Der Holzofen CIAO M TOP verfügt über ein gepflegtes und zeitloses Design; ein hochwertiger Edelstahl, der behandelt wurde, um hohen Temperaturen standzuhalten. Mit dem Holzofen CIAO können Sie in einem Augenblick (90 Sekunden) zwei Pizzen oder zwei Kilo selbstgebackenes Brot backen und dabei nur ein Minimum an Holz verbrauchen. Das Edelstahlgewölbe, das schnell hohe Temperaturen erreicht, hält die Wärme lange im Inneren.
Die Backofentür ist leicht zu handhaben und wird einfach in die beiden Schlitze unter der Backofenöffnung geschoben. Sie ist mehr oder weniger verschlossen und ermöglicht es, die Sortierung des Ofens zur Kontrolle des Feuers leicht einzustellen. Dank des Holzgriffs lässt sich die Ofentür leicht greifen, ohne dass man Gefahr läuft, sich zu verbrennen.
Das Pyrometer zeigt kontinuierlich die Temperatur in der Brennkammer an und gibt den Startschuss, um Ihre Rezepte in den Ofen zu schieben. Ein Kochvorgang, den Sie dank des Glases in der Tür überwachen können.

"Beeindruckend" ist das Adjektiv, das The Bastard Large Classic oder Urban am besten beschreibt. Dank seiner idealen Größe können Sie auf Ihrem Tisch verschiedene Arten von köstlichen Gerichten für Ihre ganze Familie und alle Ihre Freunde präsentieren. Es ist für echte Kochfans gemacht, daher ist es kein Wunder, dass das Large unser meistverkauftes Bastard ist.

Die Innovationen von The Bastard: Präzisionsoberscheibe aus Gusseisen, leicht zu öffnendes Scharniersystem, besonders dicker Grillrost aus Edelstahl (7 mm), Verbesserung des niederländischen Designs.
