 {"id":45338,"date":"2023-04-02T12:41:38","date_gmt":"2023-04-02T10:41:38","guid":{"rendered":"https:\/\/foodandgood.fr\/etablissement\/kouglopf-cie\/"},"modified":"2024-06-20T15:13:46","modified_gmt":"2024-06-20T13:13:46","slug":"kouglopf-cie","status":"publish","type":"etablissement","link":"https:\/\/foodandgood.fr\/de\/kouglopf-cie\/","title":{"rendered":"Kouglopf & Cie"},"excerpt":{"rendered":"","protected":false},"author":6,"comment_status":"closed","ping_status":"closed","template":"","meta":{"_acf_changed":false,"beyondwords_generate_audio":"","beyondwords_integration_method":"","beyondwords_project_id":"","beyondwords_content_id":"","beyondwords_preview_token":"","beyondwords_player_content":"","beyondwords_player_style":"","beyondwords_language_code":"","beyondwords_language_id":"","beyondwords_title_voice_id":"","beyondwords_body_voice_id":"","beyondwords_summary_voice_id":"","beyondwords_error_message":"","beyondwords_disabled":"","beyondwords_delete_content":"","beyondwords_podcast_id":"","beyondwords_hash":"","publish_post_to_speechkit":"","speechkit_hash":"","speechkit_generate_audio":"","speechkit_project_id":"","speechkit_podcast_id":"","speechkit_error_message":"","speechkit_disabled":"","speechkit_access_key":"","speechkit_error":"","speechkit_info":"","speechkit_response":"","speechkit_retries":"","speechkit_status":"","speechkit_updated_at":"","_speechkit_link":"","_speechkit_text":""},"class_list":["post-45338","etablissement","type-etablissement","status-publish","has-post-thumbnail","hentry","type-etablissement-backer","type-etablissement-riquewihr-de","type-etablissement-suse-pause"],"acf":{"id_eta_scn":"","id_app_foodandgood":275,"id_exponum":"","abo":[],"etoile_michelin":[],"titre_presentation":"Eine salzige - s\u00fc\u00dfe Pause","presentation":"Im Jahr 2020 er\u00f6ffneten Anthony und Julie Schmidt die einzige B\u00e4ckerei in der Gemeinde Riquewihr, die von Anfang an viele einheimische Kunden und durchreisende Gourmet-Touristen anzog.\nDie frisch gebackenen Spezialbrote und traditionellen Brote sowie die Viennoiserie duften schon am Morgen in der Rue de la Couronne. Gugelhupf, Streusels, Lamalas, Krapfen und Brezeln tummeln sich vor den Augen der erfahrenen Liebhaber. Regelm\u00e4\u00dfig stellt Anthony seine Kreationen vor: Croissant mit Zimt, Pistaziencreme oder Himbeere...\n\nF\u00fcr eine s\u00fc\u00dfe Pause bieten Gugelhupf & Co. hausgemachtes Geb\u00e4ck an und f\u00fcr Veranstaltungen und traditionelle Feste steht ein Cateringservice mit zahlreichen lokalen Spezialit\u00e4ten zur Verf\u00fcgung.","types_prestation":false,"photo":45316,"photo_bis":45305,"photo_3":45298,"adresse":{"address":"Kouglopf & Cie, Rue de la Couronne, Riquewihr, France","lat":48.16583670000001,"lng":7.2975164,"zoom":7,"place_id":"ChIJ69l2a79hkUcRtArCvyetWhg","name":"Kouglopf & Cie","street_number":17,"street_name":"Rue de la Couronne","city":"Riquewihr","state":"Grand Est","post_code":68340,"country":"France","country_short":"FR"},"horaires":"Montag: 07:00 - 18:00 Uhr\nDienstag: 07:00 - 18:00 Uhr\nMittwoch: 07:00 - 18:00 Uhr\nDonnerstag: 07:00 - 18:00 Uhr\nFreitag: 07:00 - 18:00 Uhr\nSamstag: 07:00 - 18:00\nSonntag: 07:00 - 18:00 Uhr","tel":"03 89 72 91 57","boutons":[{"title":"Webseite","link":""}],"boutons_reservation":"","boutons_social":null,"articles":[{"title":"","text":"","image":""}]},"_links":{"self":[{"href":"https:\/\/foodandgood.fr\/de\/wp-json\/wp\/v2\/etablissement\/45338","targetHints":{"allow":["GET"]}}],"collection":[{"href":"https:\/\/foodandgood.fr\/de\/wp-json\/wp\/v2\/etablissement"}],"about":[{"href":"https:\/\/foodandgood.fr\/de\/wp-json\/wp\/v2\/types\/etablissement"}],"author":[{"embeddable":true,"href":"https:\/\/foodandgood.fr\/de\/wp-json\/wp\/v2\/users\/6"}],"replies":[{"embeddable":true,"href":"https:\/\/foodandgood.fr\/de\/wp-json\/wp\/v2\/comments?post=45338"}],"version-history":[{"count":1,"href":"https:\/\/foodandgood.fr\/de\/wp-json\/wp\/v2\/etablissement\/45338\/revisions"}],"predecessor-version":[{"id":45344,"href":"https:\/\/foodandgood.fr\/de\/wp-json\/wp\/v2\/etablissement\/45338\/revisions\/45344"}],"wp:featuredmedia":[{"embeddable":true,"href":"https:\/\/foodandgood.fr\/de\/wp-json\/wp\/v2\/media\/45316"}],"wp:attachment":[{"href":"https:\/\/foodandgood.fr\/de\/wp-json\/wp\/v2\/media?parent=45338"}],"curies":[{"name":"wp","href":"https:\/\/api.w.org\/{rel}","templated":true}]}}

Eine salzige - süße Pause

Im Jahr 2020 eröffneten Anthony und Julie Schmidt die einzige Bäckerei in der Gemeinde Riquewihr, die von Anfang an viele einheimische Kunden und durchreisende Gourmet-Touristen anzog.
Die frisch gebackenen Spezialbrote und traditionellen Brote sowie die Viennoiserie duften schon am Morgen in der Rue de la Couronne. Gugelhupf, Streusels, Lamalas, Krapfen und Brezeln tummeln sich vor den Augen der erfahrenen Liebhaber. Regelmäßig stellt Anthony seine Kreationen vor: Croissant mit Zimt, Pistaziencreme oder Himbeere...

Für eine süße Pause bieten Gugelhupf & Co. hausgemachtes Gebäck an und für Veranstaltungen und traditionelle Feste steht ein Cateringservice mit zahlreichen lokalen Spezialitäten zur Verfügung.
