 {"id":34030,"date":"2023-01-09T10:50:16","date_gmt":"2023-01-09T09:50:16","guid":{"rendered":"https:\/\/foodandgood.fr\/etablissement\/kochen-fuer-sie\/"},"modified":"2024-06-17T17:33:34","modified_gmt":"2024-06-17T15:33:34","slug":"kochen-fuer-sie","status":"publish","type":"etablissement","link":"https:\/\/foodandgood.fr\/de\/kochen-fuer-sie\/","title":{"rendered":"Cooking for you"},"excerpt":{"rendered":"","protected":false},"author":13,"comment_status":"closed","ping_status":"closed","template":"","meta":{"_acf_changed":false,"beyondwords_generate_audio":"","beyondwords_integration_method":"","beyondwords_project_id":"","beyondwords_content_id":"","beyondwords_preview_token":"","beyondwords_player_content":"","beyondwords_player_style":"","beyondwords_language_code":"","beyondwords_language_id":"","beyondwords_title_voice_id":"","beyondwords_body_voice_id":"","beyondwords_summary_voice_id":"","beyondwords_error_message":"","beyondwords_disabled":"","beyondwords_delete_content":"","beyondwords_podcast_id":"","beyondwords_hash":"","publish_post_to_speechkit":"","speechkit_hash":"","speechkit_generate_audio":"","speechkit_project_id":"","speechkit_podcast_id":"","speechkit_error_message":"","speechkit_disabled":"","speechkit_access_key":"","speechkit_error":"","speechkit_info":"","speechkit_response":"","speechkit_retries":"","speechkit_status":"","speechkit_updated_at":"","_speechkit_link":"","_speechkit_text":""},"class_list":["post-34030","etablissement","type-etablissement","status-publish","has-post-thumbnail","hentry","type-etablissement-catering"],"acf":{"id_eta_scn":"","id_app_foodandgood":"","id_exponum":"","abo":[],"etoile_michelin":[],"titre_presentation":"Ein Koch zu Hause, aber nicht nur...","presentation":"Nach seiner Ausbildung an der Hotelfachschule Storck in Guebwiller und nach einer T\u00e4tigkeit im La Table de Louise in Habsheim startete J\u00e9r\u00e9my Krovoza 2012 als Hauskoch und Caterer.\n\nEr arbeitet mit saisonalen Produkten und verfeinert seine Men\u00fcs nach den W\u00fcnschen jeder Person und Veranstaltungen.\n\nF\u00fcr Ihre Hochzeit k\u00fcmmert er sich in Zusammenarbeit mit Axel von 2A EVENTS um alles.\n\nJ\u00e9r\u00e9my Krovoza garantiert Ihnen festliche Mahlzeiten ohne Kopfschmerzen, mit saisonalen hausgemachten Gerichten, die zum Mitnehmen und Aufw\u00e4rmen bereit sind. Ballotinen von Foie Gras, Kapl\u00e4ne von St. Jacques & Garnelen, Bl\u00e4tterteig aus Bio-Rinderfilet mit Pfifferlingen und gebratener Foie Gras oder gebratener Kapaun gef\u00fcllt mit Morcheln, Beilagen Ihrer Wahl.","types_prestation":false,"photo":24945,"photo_bis":6583,"photo_3":83391,"adresse":{"address":"Cooking for you, Rue de l'Esp\u00e9rance, Pfastatt, France","lat":47.7658697,"lng":7.305955399999999,"zoom":7,"place_id":"ChIJjQYbcO-bkUcRzArrc03vg7c","name":"Cooking for you","street_number":13,"street_name":"Rue de l'Esp\u00e9rance","city":"Pfastatt","state":"Grand Est","post_code":68120,"country":"France","country_short":"FR"},"horaires":"T\u00e4glich ge\u00f6ffnet.","tel":"06 23 44 18 94","boutons":[{"title":"Webseite","link":"http:\/\/www.cooking-for-you-riedisheim.fr\/"}],"boutons_reservation":"","boutons_social":null,"articles":[{"title":"","text":"","image":""}]},"_links":{"self":[{"href":"https:\/\/foodandgood.fr\/de\/wp-json\/wp\/v2\/etablissement\/34030","targetHints":{"allow":["GET"]}}],"collection":[{"href":"https:\/\/foodandgood.fr\/de\/wp-json\/wp\/v2\/etablissement"}],"about":[{"href":"https:\/\/foodandgood.fr\/de\/wp-json\/wp\/v2\/types\/etablissement"}],"author":[{"embeddable":true,"href":"https:\/\/foodandgood.fr\/de\/wp-json\/wp\/v2\/users\/13"}],"replies":[{"embeddable":true,"href":"https:\/\/foodandgood.fr\/de\/wp-json\/wp\/v2\/comments?post=34030"}],"version-history":[{"count":1,"href":"https:\/\/foodandgood.fr\/de\/wp-json\/wp\/v2\/etablissement\/34030\/revisions"}],"predecessor-version":[{"id":36557,"href":"https:\/\/foodandgood.fr\/de\/wp-json\/wp\/v2\/etablissement\/34030\/revisions\/36557"}],"wp:featuredmedia":[{"embeddable":true,"href":"https:\/\/foodandgood.fr\/de\/wp-json\/wp\/v2\/media\/24945"}],"wp:attachment":[{"href":"https:\/\/foodandgood.fr\/de\/wp-json\/wp\/v2\/media?parent=34030"}],"curies":[{"name":"wp","href":"https:\/\/api.w.org\/{rel}","templated":true}]}}

Nach seiner Ausbildung an der Hotelfachschule Storck in Guebwiller und nach einer Tätigkeit im La Table de Louise in Habsheim startete Jérémy Krovoza 2012 als Hauskoch und Caterer.

Er arbeitet mit saisonalen Produkten und verfeinert seine Menüs nach den Wünschen jeder Person und Veranstaltungen.

Für Ihre Hochzeit kümmert er sich in Zusammenarbeit mit Axel von 2A EVENTS um alles.

Jérémy Krovoza garantiert Ihnen festliche Mahlzeiten ohne Kopfschmerzen, mit saisonalen hausgemachten Gerichten, die zum Mitnehmen und Aufwärmen bereit sind. Ballotinen von Foie Gras, Kapläne von St. Jacques & Garnelen, Blätterteig aus Bio-Rinderfilet mit Pfifferlingen und gebratener Foie Gras oder gebratener Kapaun gefüllt mit Morcheln, Beilagen Ihrer Wahl.

Cooking for you, Rue de l'Espérance, Pfastatt, France

Rue de l'Espérance

Täglich geöffnet.
