 {"id":33400,"date":"2022-12-19T13:58:29","date_gmt":"2022-12-19T12:58:29","guid":{"rendered":"https:\/\/foodandgood.fr\/etablissement\/zum-wappen-von-colmar\/"},"modified":"2024-06-17T16:10:49","modified_gmt":"2024-06-17T14:10:49","slug":"zum-wappen-von-colmar","status":"publish","type":"etablissement","link":"https:\/\/foodandgood.fr\/de\/zum-wappen-von-colmar\/","title":{"rendered":"Aux Armes de Colmar"},"excerpt":{"rendered":"<p>Dieses Restaurant hei\u00dft #Aux #Armes #de #Colmar, ein freundlicher und famili\u00e4rer Ort in einem h\u00fcbschen Fachwerkhaus.<\/p>\n","protected":false},"author":13,"comment_status":"closed","ping_status":"closed","template":"","meta":{"_acf_changed":false,"beyondwords_generate_audio":"","beyondwords_integration_method":"","beyondwords_project_id":"","beyondwords_content_id":"","beyondwords_preview_token":"","beyondwords_player_content":"","beyondwords_player_style":"","beyondwords_language_code":"","beyondwords_language_id":"","beyondwords_title_voice_id":"","beyondwords_body_voice_id":"","beyondwords_summary_voice_id":"","beyondwords_error_message":"","beyondwords_disabled":"","beyondwords_delete_content":"","beyondwords_podcast_id":"","beyondwords_hash":"","publish_post_to_speechkit":"","speechkit_hash":"","speechkit_generate_audio":"","speechkit_project_id":"","speechkit_podcast_id":"","speechkit_error_message":"","speechkit_disabled":"","speechkit_access_key":"","speechkit_error":"","speechkit_info":"","speechkit_response":"","speechkit_retries":"","speechkit_status":"","speechkit_updated_at":"","_speechkit_link":"","_speechkit_text":""},"class_list":["post-33400","etablissement","type-etablissement","status-publish","has-post-thumbnail","hentry","type-etablissement-elsassische-kuche","type-etablissement-franzosische-kuche"],"acf":{"id_eta_scn":"","id_app_foodandgood":"","id_exponum":"","abo":[],"etoile_michelin":[],"titre_presentation":"Im Herzen der Altstadt von Colmar","presentation":"#Emmanuel und #Anne-Marie #Delautre und ihr Team lie\u00dfen sich in einem h\u00fcbschen Fachwerkhaus im Herzen des alten Colmar nieder. Dieses Restaurant hei\u00dft #Aux #Armes #de #Colmar, ein freundlicher und famili\u00e4rer Ort. #Emmanuel befindet sich an der Rezeption, w\u00e4hrend #Anne-Marie eine traditionelle und regionale K\u00fcche von Qualit\u00e4t zubereitet, die vollst\u00e4ndig hausgemacht ist. Zeitgem\u00e4\u00dfere Vorschl\u00e4ge werden auch zu den Must-Haves auf der Karte hinzugef\u00fcgt.\n<p class=\"kt-adv-heading6_80d22b-04 wp-block-kadence-advancedheading\" data-kb-block=\"kb-adv-heading6_80d22b-04\">Die K\u00f6chin bietet Ihnen traditionelle Gerichte aus lokalen und frischen Produkten an. Eine gro\u00dfz\u00fcgige und schmackhafte regionale K\u00fcche.\nEntdecken Sie unser traditionelles Sauerkraut Royale, Baeckoeffe mit 3 Fleischsorten, geschmortes Eisbein mit M\u00fcnsterk\u00e4se oder auf Sauerkrautbett....<\/p>\n\u00a0","types_prestation":false,"photo":43852,"photo_bis":83146,"photo_3":83140,"adresse":{"address":"Aux Armes de Colmar, 2b Rue Rapp, 68000 Colmar, France","lat":48.0792084,"lng":7.359044999999998,"zoom":7,"place_id":"ChIJP-JOMeFlkUcR8rifFMNXaAk","name":"Aux Armes de Colmar","street_number":"2b","street_name":"Rue Rapp","city":"Colmar","state":"Grand Est","post_code":68000,"country":"France","country_short":"FR"},"horaires":"Montag: Geschlossen\nDienstag: 12:00 - 14:30, 19:00 - 21:30 Uhr\nMittwoch: 12:00 - 14:30, 19:00 - 21:30\nDonnerstag: 12:00 - 14:30, 19:00 - 21:30\nFreitag: 12:00 - 14:30, 19:00 - 21:30 Uhr\nSamstag: 12:00 - 14:30, 19:00 - 21:30\nSonntag: Geschlossen","tel":"03 89 41 46 23","boutons":[{"title":"Webseite","link":"http:\/\/restaurant-auxarmesdecolmar.fr\/"},{"title":"Men\u00fcs","link":"https:\/\/www.restaurant-auxarmesdecolmar.fr\/menus-du-terroir\/"},{"title":"Karte","link":"https:\/\/www.restaurant-auxarmesdecolmar.fr\/specialites-du-terroir\/"}],"boutons_reservation":"","boutons_social":null,"articles":[{"title":"","text":"<h2>Gerichte, die Sie sprachlos machen werden!<\/h2>\nDer hei\u00dfe Munster-Toast auf einem Salatbett mit Lachsr\u00fccken im Ofen und els\u00e4ssischen Nudeln zum Nachtisch, eine Kastanienmousse und seine Hagebuttencoulis werden Sie sprachlos machen.\n\nIn diesem Fr\u00fchjahr steht neben dem guten hausgemachten Baeckeoffe und den k\u00f6stlichen Flammkuchen auch der els\u00e4ssische Spargel vom Bauernhof Clarisse im Rampenlicht.","image":43834}]},"_links":{"self":[{"href":"https:\/\/foodandgood.fr\/de\/wp-json\/wp\/v2\/etablissement\/33400","targetHints":{"allow":["GET"]}}],"collection":[{"href":"https:\/\/foodandgood.fr\/de\/wp-json\/wp\/v2\/etablissement"}],"about":[{"href":"https:\/\/foodandgood.fr\/de\/wp-json\/wp\/v2\/types\/etablissement"}],"author":[{"embeddable":true,"href":"https:\/\/foodandgood.fr\/de\/wp-json\/wp\/v2\/users\/13"}],"replies":[{"embeddable":true,"href":"https:\/\/foodandgood.fr\/de\/wp-json\/wp\/v2\/comments?post=33400"}],"version-history":[{"count":3,"href":"https:\/\/foodandgood.fr\/de\/wp-json\/wp\/v2\/etablissement\/33400\/revisions"}],"predecessor-version":[{"id":81440,"href":"https:\/\/foodandgood.fr\/de\/wp-json\/wp\/v2\/etablissement\/33400\/revisions\/81440"}],"wp:featuredmedia":[{"embeddable":true,"href":"https:\/\/foodandgood.fr\/de\/wp-json\/wp\/v2\/media\/43852"}],"wp:attachment":[{"href":"https:\/\/foodandgood.fr\/de\/wp-json\/wp\/v2\/media?parent=33400"}],"curies":[{"name":"wp","href":"https:\/\/api.w.org\/{rel}","templated":true}]}}

<p>Dieses Restaurant heißt #Aux #Armes #de #Colmar, ein freundlicher und familiärer Ort in einem hübschen Fachwerkhaus.</p>

#Emmanuel und #Anne-Marie #Delautre und ihr Team ließen sich in einem hübschen Fachwerkhaus im Herzen des alten Colmar nieder. Dieses Restaurant heißt #Aux #Armes #de #Colmar, ein freundlicher und familiärer Ort. #Emmanuel befindet sich an der Rezeption, während #Anne-Marie eine traditionelle und regionale Küche von Qualität zubereitet, die vollständig hausgemacht ist. Zeitgemäßere Vorschläge werden auch zu den Must-Haves auf der Karte hinzugefügt.
<p class="kt-adv-heading6_80d22b-04 wp-block-kadence-advancedheading" data-kb-block="kb-adv-heading6_80d22b-04">Die Köchin bietet Ihnen traditionelle Gerichte aus lokalen und frischen Produkten an. Eine großzügige und schmackhafte regionale Küche.
Entdecken Sie unser traditionelles Sauerkraut Royale, Baeckoeffe mit 3 Fleischsorten, geschmortes Eisbein mit Münsterkäse oder auf Sauerkrautbett....</p>

Menüs

<h2>Gerichte, die Sie sprachlos machen werden!</h2>
Der heiße Munster-Toast auf einem Salatbett mit Lachsrücken im Ofen und elsässischen Nudeln zum Nachtisch, eine Kastanienmousse und seine Hagebuttencoulis werden Sie sprachlos machen.

In diesem Frühjahr steht neben dem guten hausgemachten Baeckeoffe und den köstlichen Flammkuchen auch der elsässische Spargel vom Bauernhof Clarisse im Rampenlicht.
