 {"id":33319,"date":"2022-12-19T12:09:53","date_gmt":"2022-12-19T11:09:53","guid":{"rendered":"https:\/\/foodandgood.fr\/etablissement\/auberge-du-neuweiher\/"},"modified":"2024-06-17T15:41:24","modified_gmt":"2024-06-17T13:41:24","slug":"auberge-du-neuweiher","status":"publish","type":"etablissement","link":"https:\/\/foodandgood.fr\/de\/auberge-du-neuweiher\/","title":{"rendered":"Auberge Refuge du Neuweiher"},"excerpt":{"rendered":"","protected":false},"author":13,"comment_status":"closed","ping_status":"closed","template":"","meta":{"_acf_changed":false,"beyondwords_generate_audio":"","beyondwords_integration_method":"","beyondwords_project_id":"","beyondwords_content_id":"","beyondwords_preview_token":"","beyondwords_player_content":"","beyondwords_player_style":"","beyondwords_language_code":"","beyondwords_language_id":"","beyondwords_title_voice_id":"","beyondwords_body_voice_id":"","beyondwords_summary_voice_id":"","beyondwords_error_message":"","beyondwords_disabled":"","beyondwords_delete_content":"","beyondwords_podcast_id":"","beyondwords_hash":"","publish_post_to_speechkit":"","speechkit_hash":"","speechkit_generate_audio":"","speechkit_project_id":"","speechkit_podcast_id":"","speechkit_error_message":"","speechkit_disabled":"","speechkit_access_key":"","speechkit_error":"","speechkit_info":"","speechkit_response":"","speechkit_retries":"","speechkit_status":"","speechkit_updated_at":"","_speechkit_link":"","_speechkit_text":""},"class_list":["post-33319","etablissement","type-etablissement","status-publish","has-post-thumbnail","hentry","type-etablissement-elsassische-kuche","type-etablissement-farm-hostel"],"acf":{"id_eta_scn":"","id_app_foodandgood":"","id_exponum":"","abo":[],"etoile_michelin":[],"titre_presentation":"Ein au\u00dfergew\u00f6hnlicher Rahmen f\u00fcr besondere Momente","presentation":"<article class=\"LIBHTMSANSNOM1-1 LIBHTMCOORDONNEES-0\">Nach einem sch\u00f6nen Spaziergang durch den Wald, zwischen B\u00e4chen und Wasserf\u00e4llen, die in zwei Seen m\u00fcnden, entdecken Sie unsere Auberge-Refuge, die Sie herzlich willkommen hei\u00dfen wird. Sie k\u00f6nnen auf der Terrasse mit Blick auf den gro\u00dfen Neuweiher ein Getr\u00e4nk genie\u00dfen, mit der M\u00f6glichkeit, etwas zu essen oder eine oder mehrere N\u00e4chte mit Halbpension zu verbringen. Die Ruhe der Natur wird Sie diese Ruhe genie\u00dfen lassen!<\/article>Nur zu Fu\u00df erreichbar, ist #l Auberge #Refuge #du #Neuweiher eine Oase der Ruhe auf 830 Metern \u00fcber dem Meeresspiegel am Ufer des Sees #Grand #Neuweiher. In der Ruhe der Natur setzt #Yves #Fluhr nun die Geschichte dieses Gasthauses fort, die bis ins Jahr 1927 zur\u00fcckreicht. Am Ende eines sch\u00f6nen Spaziergangs im Wald, zwischen Wildb\u00e4chen, Seen und Wasserf\u00e4llen, k\u00f6nnen Sie zum Mittag- und Abendessen \"wie zu Hause\" essen, mit traditionellen und beruhigenden Gerichten der Region, in denen lokale Produzenten im Rampenlicht stehen. An sonnigen Tagen bietet die Terrasse einen bemerkenswerten Panoramablick auf die Natur.\n\nBitte beachten Sie: Zimmer und Schlafs\u00e4le k\u00f6nnen gebucht werden.","types_prestation":false,"photo":27151,"photo_bis":7585,"photo_3":7584,"adresse":{"address":"Auberge Refuge du Neuweiher, Oberbruck, France","lat":47.83249279999999,"lng":6.906551299999999,"zoom":7,"place_id":"ChIJowgWkustkkcRXEd5XyvR99E","name":"Auberge Refuge du Neuweiher","city":"Oberbruck","state":"Grand Est","post_code":68290,"country":"France","country_short":"FR"},"horaires":"Montag: Geschlossen\nDienstag: 08:00 - 21:30\nMittwoch: 08:00 - 21:30 Uhr\nDonnerstag: 08:00 - 21:30\nFreitag: 08:00 - 21:30\nSamstag: 08:00 - 21:30\nSonntag: 08:00 - 18:00 Uhr","tel":"03 89 82 02 09","boutons":[{"title":"Webseite","link":"http:\/\/auberge-refuge-neuweiher.fr\/"}],"boutons_reservation":"","boutons_social":null,"articles":[{"title":"","text":"","image":""}]},"_links":{"self":[{"href":"https:\/\/foodandgood.fr\/de\/wp-json\/wp\/v2\/etablissement\/33319","targetHints":{"allow":["GET"]}}],"collection":[{"href":"https:\/\/foodandgood.fr\/de\/wp-json\/wp\/v2\/etablissement"}],"about":[{"href":"https:\/\/foodandgood.fr\/de\/wp-json\/wp\/v2\/types\/etablissement"}],"author":[{"embeddable":true,"href":"https:\/\/foodandgood.fr\/de\/wp-json\/wp\/v2\/users\/13"}],"replies":[{"embeddable":true,"href":"https:\/\/foodandgood.fr\/de\/wp-json\/wp\/v2\/comments?post=33319"}],"version-history":[{"count":2,"href":"https:\/\/foodandgood.fr\/de\/wp-json\/wp\/v2\/etablissement\/33319\/revisions"}],"predecessor-version":[{"id":83064,"href":"https:\/\/foodandgood.fr\/de\/wp-json\/wp\/v2\/etablissement\/33319\/revisions\/83064"}],"wp:featuredmedia":[{"embeddable":true,"href":"https:\/\/foodandgood.fr\/de\/wp-json\/wp\/v2\/media\/27151"}],"wp:attachment":[{"href":"https:\/\/foodandgood.fr\/de\/wp-json\/wp\/v2\/media?parent=33319"}],"curies":[{"name":"wp","href":"https:\/\/api.w.org\/{rel}","templated":true}]}}

Ein außergewöhnlicher Rahmen für besondere Momente

<article class="LIBHTMSANSNOM1-1 LIBHTMCOORDONNEES-0">Nach einem schönen Spaziergang durch den Wald, zwischen Bächen und Wasserfällen, die in zwei Seen münden, entdecken Sie unsere Auberge-Refuge, die Sie herzlich willkommen heißen wird. Sie können auf der Terrasse mit Blick auf den großen Neuweiher ein Getränk genießen, mit der Möglichkeit, etwas zu essen oder eine oder mehrere Nächte mit Halbpension zu verbringen. Die Ruhe der Natur wird Sie diese Ruhe genießen lassen!</article>Nur zu Fuß erreichbar, ist #l Auberge #Refuge #du #Neuweiher eine Oase der Ruhe auf 830 Metern über dem Meeresspiegel am Ufer des Sees #Grand #Neuweiher. In der Ruhe der Natur setzt #Yves #Fluhr nun die Geschichte dieses Gasthauses fort, die bis ins Jahr 1927 zurückreicht. Am Ende eines schönen Spaziergangs im Wald, zwischen Wildbächen, Seen und Wasserfällen, können Sie zum Mittag- und Abendessen "wie zu Hause" essen, mit traditionellen und beruhigenden Gerichten der Region, in denen lokale Produzenten im Rampenlicht stehen. An sonnigen Tagen bietet die Terrasse einen bemerkenswerten Panoramablick auf die Natur.

Bitte beachten Sie: Zimmer und Schlafsäle können gebucht werden.
