 {"id":32095,"date":"2022-03-21T16:02:58","date_gmt":"2022-03-21T15:02:58","guid":{"rendered":"https:\/\/foodandgood.fr\/etablissement\/caros-schnecken\/"},"modified":"2024-06-12T14:23:30","modified_gmt":"2024-06-12T12:23:30","slug":"caros-schnecken","status":"publish","type":"etablissement","link":"https:\/\/foodandgood.fr\/de\/caros-schnecken\/","title":{"rendered":"Les Escargots de Caro"},"excerpt":{"rendered":"","protected":false},"author":1,"comment_status":"closed","ping_status":"closed","template":"","meta":{"_acf_changed":false,"beyondwords_generate_audio":"","beyondwords_integration_method":"","beyondwords_project_id":"","beyondwords_content_id":"","beyondwords_preview_token":"","beyondwords_player_content":"","beyondwords_player_style":"","beyondwords_language_code":"","beyondwords_language_id":"","beyondwords_title_voice_id":"","beyondwords_body_voice_id":"","beyondwords_summary_voice_id":"","beyondwords_error_message":"","beyondwords_disabled":"","beyondwords_delete_content":"","beyondwords_podcast_id":"","beyondwords_hash":"","publish_post_to_speechkit":"","speechkit_hash":"","speechkit_generate_audio":"","speechkit_project_id":"","speechkit_podcast_id":"","speechkit_error_message":"","speechkit_disabled":"","speechkit_access_key":"","speechkit_error":"","speechkit_info":"","speechkit_response":"","speechkit_retries":"","speechkit_status":"","speechkit_updated_at":"","_speechkit_link":"","_speechkit_text":""},"class_list":["post-32095","etablissement","type-etablissement","status-publish","has-post-thumbnail","hentry","type-etablissement-catering"],"acf":{"id_eta_scn":"","id_app_foodandgood":"","id_exponum":"","abo":[],"etoile_michelin":[],"titre_presentation":"Lokale Produktion","presentation":"<h2>Schneckenfarm in Ostheim<\/h2>\n<span style=\"font-weight: 400;\">Lust auf Schnecken? Finden Sie alle Produkte des Bauernhofes \"Les Escargots de Caro\" in Ostheim f\u00fcr den Direktverkauf.<\/span>\n\n<span style=\"font-weight: 400;\">Im L'\u00c9choppe de Caro z\u00fcchten Carole und Nicolas Schnecken und Masth\u00e4hnchengefl\u00fcgel und bieten auch Bio-Eier an. Alles wird direkt auf dem Bauernhof verkauft und das Verarbeitungslabor erm\u00f6glicht es ihnen, verschiedene Schneckenrezepte selbst zu entwickeln: Tapenade oder Olivenstil zum Stechen, Burgunderschalen und gefrorenes Bl\u00e4tterteiggeb\u00e4ck zum Mitnehmen... Sie haben auch ihre Spezialit\u00e4t, die Croquille, mit einem erstaunlichen neuen Geschmack neu interpretiert, frischer und leichter: den Crunk Lime-Ingwer, den Sie ohne Verz\u00f6gerung probieren k\u00f6nnen!<\/span>\n<p class=\"wp-block-heading\">Entdecken Sie unsere Schneckenprodukte (Schneckenh\u00e4user, Schneckenkroketten, Bl\u00e4tterteiggeb\u00e4ck, Aperitifspezialit\u00e4ten...) und andere lokale Produkte!!!<\/p>","types_prestation":false,"photo":19880,"photo_bis":81513,"photo_3":3401,"adresse":{"address":"Les Escargots de Caro, Rue de la Gaensmatt, Ostheim, France","lat":48.1647723,"lng":7.378833099999999,"zoom":7,"place_id":"ChIJ9bSwhThdkUcRNURQHWpfK18","name":"Les Escargots de Caro","street_number":103,"street_name":"Rue de la Gaensmatt","city":"Ostheim","state":"Grand Est","post_code":68150,"country":"France","country_short":"FR"},"horaires":"Montag: Geschlossen\nDienstag: Geschlossen\nMittwoch: Geschlossen\nDonnerstag: Geschlossen\nFreitag: 16:30 - 18:30\nSamstag: 09:00 - 12:30\nSonntag: Geschlossen","tel":"06 32 26 46 76","boutons":[{"title":"Webseite","link":"https:\/\/www.lesescargotsdecaro.com\/"}],"boutons_reservation":"","boutons_social":null,"articles":[{"title":"","text":"","image":""}]},"_links":{"self":[{"href":"https:\/\/foodandgood.fr\/de\/wp-json\/wp\/v2\/etablissement\/32095","targetHints":{"allow":["GET"]}}],"collection":[{"href":"https:\/\/foodandgood.fr\/de\/wp-json\/wp\/v2\/etablissement"}],"about":[{"href":"https:\/\/foodandgood.fr\/de\/wp-json\/wp\/v2\/types\/etablissement"}],"author":[{"embeddable":true,"href":"https:\/\/foodandgood.fr\/de\/wp-json\/wp\/v2\/users\/1"}],"replies":[{"embeddable":true,"href":"https:\/\/foodandgood.fr\/de\/wp-json\/wp\/v2\/comments?post=32095"}],"version-history":[{"count":1,"href":"https:\/\/foodandgood.fr\/de\/wp-json\/wp\/v2\/etablissement\/32095\/revisions"}],"predecessor-version":[{"id":33020,"href":"https:\/\/foodandgood.fr\/de\/wp-json\/wp\/v2\/etablissement\/32095\/revisions\/33020"}],"wp:featuredmedia":[{"embeddable":true,"href":"https:\/\/foodandgood.fr\/de\/wp-json\/wp\/v2\/media\/19880"}],"wp:attachment":[{"href":"https:\/\/foodandgood.fr\/de\/wp-json\/wp\/v2\/media?parent=32095"}],"curies":[{"name":"wp","href":"https:\/\/api.w.org\/{rel}","templated":true}]}}

<h2>Schneckenfarm in Ostheim</h2>
<span style="font-weight: 400;">Lust auf Schnecken? Finden Sie alle Produkte des Bauernhofes "Les Escargots de Caro" in Ostheim für den Direktverkauf.</span>

<span style="font-weight: 400;">Im L'Échoppe de Caro züchten Carole und Nicolas Schnecken und Masthähnchengeflügel und bieten auch Bio-Eier an. Alles wird direkt auf dem Bauernhof verkauft und das Verarbeitungslabor ermöglicht es ihnen, verschiedene Schneckenrezepte selbst zu entwickeln: Tapenade oder Olivenstil zum Stechen, Burgunderschalen und gefrorenes Blätterteiggebäck zum Mitnehmen... Sie haben auch ihre Spezialität, die Croquille, mit einem erstaunlichen neuen Geschmack neu interpretiert, frischer und leichter: den Crunk Lime-Ingwer, den Sie ohne Verzögerung probieren können!</span>
<p class="wp-block-heading">Entdecken Sie unsere Schneckenprodukte (Schneckenhäuser, Schneckenkroketten, Blätterteiggebäck, Aperitifspezialitäten...) und andere lokale Produkte!!!</p>
