 {"id":31323,"date":"2020-12-03T15:04:04","date_gmt":"2020-12-03T14:04:04","guid":{"rendered":"https:\/\/foodandgood.fr\/etablissement\/das-kleine-paris\/"},"modified":"2024-08-27T16:33:20","modified_gmt":"2024-08-27T14:33:20","slug":"le-petit-paris","status":"publish","type":"etablissement","link":"https:\/\/foodandgood.fr\/de\/le-petit-paris\/","title":{"rendered":"Le Petit Paris"},"excerpt":{"rendered":"","protected":false},"author":1,"comment_status":"closed","ping_status":"closed","template":"","meta":{"_acf_changed":false,"beyondwords_generate_audio":"","beyondwords_integration_method":"","beyondwords_project_id":"","beyondwords_content_id":"","beyondwords_preview_token":"","beyondwords_player_content":"","beyondwords_player_style":"","beyondwords_language_code":"","beyondwords_language_id":"","beyondwords_title_voice_id":"","beyondwords_body_voice_id":"","beyondwords_summary_voice_id":"","beyondwords_error_message":"","beyondwords_disabled":"","beyondwords_delete_content":"","beyondwords_podcast_id":"","beyondwords_hash":"","publish_post_to_speechkit":"","speechkit_hash":"","speechkit_generate_audio":"","speechkit_project_id":"","speechkit_podcast_id":"","speechkit_error_message":"","speechkit_disabled":"","speechkit_access_key":"","speechkit_error":"","speechkit_info":"","speechkit_response":"","speechkit_retries":"","speechkit_status":"","speechkit_updated_at":"","_speechkit_link":"","_speechkit_text":""},"class_list":["post-31323","etablissement","type-etablissement","status-publish","has-post-thumbnail","hentry","type-etablissement-bistronomie-de","type-etablissement-franzosische-kuche","type-etablissement-geschenkgutscheine"],"acf":{"id_eta_scn":12066,"id_app_foodandgood":193,"id_exponum":12066,"abo":["APP"],"etoile_michelin":[],"titre_presentation":"Das Erfolgsmen\u00fc","presentation":"Eine regelm\u00e4\u00dfig erneuerte Speisekarte, originelle Produkte und eine sehr umfangreiche Weinkarte, Le Petit Paris erwartet Sie! Thi\u00e9baud Turnani, ein 28-j\u00e4hriger Mulhousier, absolvierte eine Hotelfachschule, die Schweiz und England, bevor er vor einem Jahr Le Petit Paris \u00fcbernahm. Er h\u00e4lt das Team zusammen, darunter K\u00fcchenchef Florent Amiot, der sich auf eine hochwertige hausgemachte K\u00fcche mit saisonalen Produkten konzentriert. Eine regelm\u00e4\u00dfig erneuerte Speisekarte, Originalprodukte wie Poupe de Galice und eine sehr umfangreiche und abwechslungsreiche Weinkarte, mehr braucht es nicht, um die Besucher zu begeistern!","types_prestation":false,"photo":48809,"photo_bis":48767,"photo_3":53451,"adresse":{"address":"Le Petit Paris, Rue de la Moselle, Mulhouse, France","lat":47.7482391,"lng":7.3399918,"zoom":7,"place_id":"ChIJuze0bHWbkUcR1m3GB5FKTjE","name":"Le Petit Paris","street_number":12,"street_name":"Rue de la Moselle","city":"Mulhouse","state":"Grand Est","post_code":68100,"country":"France","country_short":"FR"},"horaires":"Montag: Geschlossen Dienstag: 12:00 - 13:30, 19:00 - 21:00 Mittwoch: 12:00 - 13:30, 19:00 - 21:00 Donnerstag: 12:00 - 13:30, 19:00 - 21:00 Freitag: 12:00 - 13:30, 19:30 - 21:00 Samstag: 12:00 - 13:30, 19:30 - 21:00 Sonntag: Geschlossen","tel":"03 89 61 17 85","boutons":[{"title":"Webseite","link":"http:\/\/www.lepetitparis.alsace\/"},{"title":"gute Geschenke","link":"https:\/\/aji-box.com\/-\/le-petit-paris"}],"boutons_reservation":"","boutons_social":null,"articles":[{"title":"","text":"","image":""}]},"_links":{"self":[{"href":"https:\/\/foodandgood.fr\/de\/wp-json\/wp\/v2\/etablissement\/31323","targetHints":{"allow":["GET"]}}],"collection":[{"href":"https:\/\/foodandgood.fr\/de\/wp-json\/wp\/v2\/etablissement"}],"about":[{"href":"https:\/\/foodandgood.fr\/de\/wp-json\/wp\/v2\/types\/etablissement"}],"author":[{"embeddable":true,"href":"https:\/\/foodandgood.fr\/de\/wp-json\/wp\/v2\/users\/1"}],"replies":[{"embeddable":true,"href":"https:\/\/foodandgood.fr\/de\/wp-json\/wp\/v2\/comments?post=31323"}],"version-history":[{"count":1,"href":"https:\/\/foodandgood.fr\/de\/wp-json\/wp\/v2\/etablissement\/31323\/revisions"}],"predecessor-version":[{"id":31747,"href":"https:\/\/foodandgood.fr\/de\/wp-json\/wp\/v2\/etablissement\/31323\/revisions\/31747"}],"wp:featuredmedia":[{"embeddable":true,"href":"https:\/\/foodandgood.fr\/de\/wp-json\/wp\/v2\/media\/48813"}],"wp:attachment":[{"href":"https:\/\/foodandgood.fr\/de\/wp-json\/wp\/v2\/media?parent=31323"}],"curies":[{"name":"wp","href":"https:\/\/api.w.org\/{rel}","templated":true}]}}

Das Erfolgsmenü

Eine regelmäßig erneuerte Speisekarte, originelle Produkte und eine sehr umfangreiche Weinkarte, Le Petit Paris erwartet Sie! Thiébaud Turnani, ein 28-jähriger Mulhousier, absolvierte eine Hotelfachschule, die Schweiz und England, bevor er vor einem Jahr Le Petit Paris übernahm. Er hält das Team zusammen, darunter Küchenchef Florent Amiot, der sich auf eine hochwertige hausgemachte Küche mit saisonalen Produkten konzentriert. Eine regelmäßig erneuerte Speisekarte, Originalprodukte wie Poupe de Galice und eine sehr umfangreiche und abwechslungsreiche Weinkarte, mehr braucht es nicht, um die Besucher zu begeistern!
