 {"id":31269,"date":"2022-03-21T16:01:33","date_gmt":"2022-03-21T15:01:33","guid":{"rendered":"https:\/\/foodandgood.fr\/etablissement\/die-silbernen-klarinen\/"},"modified":"2024-06-06T16:06:53","modified_gmt":"2024-06-06T14:06:53","slug":"die-silbernen-klarinen","status":"publish","type":"etablissement","link":"https:\/\/foodandgood.fr\/de\/die-silbernen-klarinen\/","title":{"rendered":"Les Clarines d'Argent"},"excerpt":{"rendered":"","protected":false},"author":1,"comment_status":"closed","ping_status":"closed","template":"","meta":{"_acf_changed":false,"beyondwords_generate_audio":"","beyondwords_integration_method":"","beyondwords_project_id":"","beyondwords_content_id":"","beyondwords_preview_token":"","beyondwords_player_content":"","beyondwords_player_style":"","beyondwords_language_code":"","beyondwords_language_id":"","beyondwords_title_voice_id":"","beyondwords_body_voice_id":"","beyondwords_summary_voice_id":"","beyondwords_error_message":"","beyondwords_disabled":"","beyondwords_delete_content":"","beyondwords_podcast_id":"","beyondwords_hash":"","publish_post_to_speechkit":"","speechkit_hash":"","speechkit_generate_audio":"","speechkit_project_id":"","speechkit_podcast_id":"","speechkit_error_message":"","speechkit_disabled":"","speechkit_access_key":"","speechkit_error":"","speechkit_info":"","speechkit_response":"","speechkit_retries":"","speechkit_status":"","speechkit_updated_at":"","_speechkit_link":"","_speechkit_text":""},"class_list":["post-31269","etablissement","type-etablissement","status-publish","has-post-thumbnail","hentry","type-etablissement-elsassische-kuche","type-etablissement-franzosische-kuche"],"acf":{"id_eta_scn":"","id_app_foodandgood":"","id_exponum":"","abo":[],"etoile_michelin":[],"titre_presentation":"Markt- und saisonale K\u00fcche","presentation":"In Metzeral, im Herzen des M\u00fcnstertals, bietet Ihnen Les Clarines d'Argent ein zeitloses, raffiniertes und beruhigendes kulinarisches Erlebnis mit Blick auf die Berge.\n\nDie Familie Kempf an der Spitze dieser sch\u00f6nen Adresse l\u00e4dt Sie ein, feine und schmackhafte Gerichte zu probieren. Das Restaurant befindet sich in Metzeral in einer opulenten Umgebung mit einer herrlichen Kathedralendecke.\n\nMit einer Kapazit\u00e4t von 80 Pl\u00e4tzen k\u00fcmmert sich das Haus um Ihre Familienessen, Hochzeiten und andere Bankette.","types_prestation":false,"photo":21110,"photo_bis":4303,"photo_3":4312,"adresse":{"address":"Les Clarines d'Argent, Rue de l'Altenhof, Metzeral, France","lat":48.0145648,"lng":7.0650498,"zoom":7,"place_id":"ChIJLTD7Y67Qk0cRkBSHhSuVr4k","name":"Les Clarines d'Argent","street_number":12,"street_name":"Rue de l'Altenhof","city":"Metzeral","state":"Grand Est","post_code":68380,"country":"France","country_short":"FR"},"horaires":"Montag: Geschlossen\nDienstag: Geschlossen\nMittwoch: 12:00 - 15:00, 19:00 - 22:30 Uhr\nDonnerstag: 12:00 - 15:00, 19:00 - 22:30 Uhr\nFreitag: 12:00 - 15:00, 19:00 - 23:00 Uhr\nSamstag: 12:00 - 15:00, 19:00 - 23:00 Uhr\nSonntag: 12:00 - 17:00 Uhr","tel":"03 89 77 61 48","boutons":[{"title":"Webseite","link":"https:\/\/www.aux-deux-clefs.com\/"},{"title":"Karte","link":"https:\/\/www.aux-deux-clefs.com\/copie-de-les-chambres"}],"boutons_reservation":"","boutons_social":null,"articles":[{"title":"","text":"<h2>Ein Restaurant mit einem anregenden Men\u00fc in Metzeral<\/h2>\nDer K\u00fcchenchef, ein ehemaliger Sch\u00fcler von <u>Paul Haeberlin, dem<\/u> Gr\u00fcnder des renommierten els\u00e4ssischen Restaurants <a href=\"https:\/\/www.auberge-de-l-ill.com\/fr\/\">L'Auberge de l'Ill<\/a> , l\u00e4sst Sie seine Spezialit\u00e4ten probieren, die von der Markt- und saisonalen K\u00fcche inspiriert sind.\n\nFeinschmecker und Feinschmecker werden vom Schneckengratin mit B\u00e4rlauch, dem unvollkommenen Ei in knuspriger Schale mit seinem Cassolette aus frischen Champignons begeistert sein. Aber wieder mit gelbem, auf Heu gekochtem Els\u00e4sser Huhn, das mit einer Symphonie rund um Quitte und Kastanie endet. Wir machen weiter ? Die Dose mit dem Duft von Tannenzapfen, die knusprigen Wildschweinravioli. Auch das Kalbsmedaillon und knusprige Langustinenravioli, die gebratene G\u00e4nsebrust...","image":4299}]},"_links":{"self":[{"href":"https:\/\/foodandgood.fr\/de\/wp-json\/wp\/v2\/etablissement\/31269","targetHints":{"allow":["GET"]}}],"collection":[{"href":"https:\/\/foodandgood.fr\/de\/wp-json\/wp\/v2\/etablissement"}],"about":[{"href":"https:\/\/foodandgood.fr\/de\/wp-json\/wp\/v2\/types\/etablissement"}],"author":[{"embeddable":true,"href":"https:\/\/foodandgood.fr\/de\/wp-json\/wp\/v2\/users\/1"}],"replies":[{"embeddable":true,"href":"https:\/\/foodandgood.fr\/de\/wp-json\/wp\/v2\/comments?post=31269"}],"version-history":[{"count":1,"href":"https:\/\/foodandgood.fr\/de\/wp-json\/wp\/v2\/etablissement\/31269\/revisions"}],"predecessor-version":[{"id":32122,"href":"https:\/\/foodandgood.fr\/de\/wp-json\/wp\/v2\/etablissement\/31269\/revisions\/32122"}],"wp:featuredmedia":[{"embeddable":true,"href":"https:\/\/foodandgood.fr\/de\/wp-json\/wp\/v2\/media\/21110"}],"wp:attachment":[{"href":"https:\/\/foodandgood.fr\/de\/wp-json\/wp\/v2\/media?parent=31269"}],"curies":[{"name":"wp","href":"https:\/\/api.w.org\/{rel}","templated":true}]}}

Markt- und saisonale Küche

In Metzeral, im Herzen des Münstertals, bietet Ihnen Les Clarines d'Argent ein zeitloses, raffiniertes und beruhigendes kulinarisches Erlebnis mit Blick auf die Berge.

Die Familie Kempf an der Spitze dieser schönen Adresse lädt Sie ein, feine und schmackhafte Gerichte zu probieren. Das Restaurant befindet sich in Metzeral in einer opulenten Umgebung mit einer herrlichen Kathedralendecke.

Mit einer Kapazität von 80 Plätzen kümmert sich das Haus um Ihre Familienessen, Hochzeiten und andere Bankette.

<h2>Ein Restaurant mit einem anregenden Menü in Metzeral</h2>
Der Küchenchef, ein ehemaliger Schüler von <u>Paul Haeberlin, dem</u> Gründer des renommierten elsässischen Restaurants <a href="https://www.auberge-de-l-ill.com/fr/">L'Auberge de l'Ill</a> , lässt Sie seine Spezialitäten probieren, die von der Markt- und saisonalen Küche inspiriert sind.

Feinschmecker und Feinschmecker werden vom Schneckengratin mit Bärlauch, dem unvollkommenen Ei in knuspriger Schale mit seinem Cassolette aus frischen Champignons begeistert sein. Aber wieder mit gelbem, auf Heu gekochtem Elsässer Huhn, das mit einer Symphonie rund um Quitte und Kastanie endet. Wir machen weiter ? Die Dose mit dem Duft von Tannenzapfen, die knusprigen Wildschweinravioli. Auch das Kalbsmedaillon und knusprige Langustinenravioli, die gebratene Gänsebrust...
