 {"id":151813,"date":"2024-11-07T08:09:31","date_gmt":"2024-11-07T07:09:31","guid":{"rendered":"https:\/\/foodandgood.fr\/etablissement\/mein-bauernhof-in-der-stadt\/"},"modified":"2025-04-14T12:20:44","modified_gmt":"2025-04-14T10:20:44","slug":"mein-bauernhof-in-der-stadt","status":"publish","type":"etablissement","link":"https:\/\/foodandgood.fr\/de\/mein-bauernhof-in-der-stadt\/","title":{"rendered":"Ma Ferme en Ville"},"excerpt":{"rendered":"","protected":false},"author":6,"comment_status":"closed","ping_status":"closed","template":"","meta":{"_acf_changed":false,"beyondwords_generate_audio":"","beyondwords_integration_method":"","beyondwords_project_id":"","beyondwords_content_id":"","beyondwords_preview_token":"","beyondwords_player_content":"","beyondwords_player_style":"","beyondwords_language_code":"","beyondwords_language_id":"","beyondwords_title_voice_id":"","beyondwords_body_voice_id":"","beyondwords_summary_voice_id":"","beyondwords_error_message":"","beyondwords_disabled":"","beyondwords_delete_content":"","beyondwords_podcast_id":"","beyondwords_hash":"","publish_post_to_speechkit":"","speechkit_hash":"","speechkit_generate_audio":"","speechkit_project_id":"","speechkit_podcast_id":"","speechkit_error_message":"","speechkit_disabled":"","speechkit_access_key":"","speechkit_error":"","speechkit_info":"","speechkit_response":"","speechkit_retries":"","speechkit_status":"","speechkit_updated_at":"","_speechkit_link":"","_speechkit_text":""},"class_list":["post-151813","etablissement","type-etablissement","status-publish","hentry","type-etablissement-kulinarisch-einkaufen","type-etablissement-market-gardener-de"],"acf":{"id_eta_scn":"","id_app_foodandgood":"","id_exponum":"","abo":["GRAT"],"etoile_michelin":[],"titre_presentation":"Ein Gem\u00fcseh\u00e4ndler und ein Feinkostladen in der Krutenau","presentation":"Das Gesch\u00e4ft befindet sich im Herzen des Stadtteils Krutenau in Stra\u00dfburg. Sie werden in eine Retro-Vintage-Atmosph\u00e4re der Lebensmittelgesch\u00e4fte der Jahrhundertwende eintauchen! Sie haben die M\u00f6glichkeit, auf der Website zu bestellen und Ihre Bestellung im Laden per Click & Collect abzuholen.  ","types_prestation":false,"photo":125185,"photo_bis":125145,"photo_3":125151,"adresse":{"address":"MA FERME EN VILLE, Rue de Zurich, Strasbourg, France","lat":48.5789254,"lng":7.758535999999998,"zoom":7,"place_id":"ChIJty58IJfJlkcRu-iWxrSv4O8","name":"MA FERME EN VILLE","street_number":58,"street_name":"Rue de Zurich","city":"Strasbourg","state":"Grand Est","post_code":67000,"country":"France","country_short":"FR"},"horaires":"Montag: 10:00 - 19:00 Uhr\nDienstag: 10:00 - 19:00 Uhr\nMittwoch: 10:00 - 19:00 Uhr\nDonnerstag: 10:00 - 19:00 Uhr\nFreitag: 10:00 - 19:00 Uhr\nSamstag: 10:00 - 18:00 Uhr\nSonntag: Geschlossen","tel":"03 88 25 89 38","boutons":[{"title":"Internetseite","link":"https:\/\/jmo-mafermeenville.alsace\/content\/7-jean-michel-obrecht"}],"boutons_reservation":"","boutons_social":null,"articles":null},"_links":{"self":[{"href":"https:\/\/foodandgood.fr\/de\/wp-json\/wp\/v2\/etablissement\/151813","targetHints":{"allow":["GET"]}}],"collection":[{"href":"https:\/\/foodandgood.fr\/de\/wp-json\/wp\/v2\/etablissement"}],"about":[{"href":"https:\/\/foodandgood.fr\/de\/wp-json\/wp\/v2\/types\/etablissement"}],"author":[{"embeddable":true,"href":"https:\/\/foodandgood.fr\/de\/wp-json\/wp\/v2\/users\/6"}],"replies":[{"embeddable":true,"href":"https:\/\/foodandgood.fr\/de\/wp-json\/wp\/v2\/comments?post=151813"}],"version-history":[{"count":1,"href":"https:\/\/foodandgood.fr\/de\/wp-json\/wp\/v2\/etablissement\/151813\/revisions"}],"predecessor-version":[{"id":152101,"href":"https:\/\/foodandgood.fr\/de\/wp-json\/wp\/v2\/etablissement\/151813\/revisions\/152101"}],"wp:attachment":[{"href":"https:\/\/foodandgood.fr\/de\/wp-json\/wp\/v2\/media?parent=151813"}],"curies":[{"name":"wp","href":"https:\/\/api.w.org\/{rel}","templated":true}]}}

Ein Gemüsehändler und ein Feinkostladen in der Krutenau

Das Geschäft befindet sich im Herzen des Stadtteils Krutenau in Straßburg. Sie werden in eine Retro-Vintage-Atmosphäre der Lebensmittelgeschäfte der Jahrhundertwende eintauchen! Sie haben die Möglichkeit, auf der Website zu bestellen und Ihre Bestellung im Laden per Click & Collect abzuholen.
