 {"id":149814,"date":"2025-02-25T10:53:49","date_gmt":"2025-02-25T09:53:49","guid":{"rendered":"https:\/\/foodandgood.fr\/etablissement\/lalique-museum\/"},"modified":"2025-04-14T12:18:20","modified_gmt":"2025-04-14T10:18:20","slug":"lalique-museum","status":"publish","type":"etablissement","link":"https:\/\/foodandgood.fr\/de\/lalique-museum\/","title":{"rendered":"Mus\u00e9e Lalique"},"excerpt":{"rendered":"","protected":false},"author":13,"comment_status":"closed","ping_status":"closed","template":"","meta":{"_acf_changed":false,"beyondwords_generate_audio":"","beyondwords_integration_method":"","beyondwords_project_id":"","beyondwords_content_id":"","beyondwords_preview_token":"","beyondwords_player_content":"","beyondwords_player_style":"","beyondwords_language_code":"","beyondwords_language_id":"","beyondwords_title_voice_id":"","beyondwords_body_voice_id":"","beyondwords_summary_voice_id":"","beyondwords_error_message":"","beyondwords_disabled":"","beyondwords_delete_content":"","beyondwords_podcast_id":"","beyondwords_hash":"","publish_post_to_speechkit":"","speechkit_hash":"","speechkit_generate_audio":"","speechkit_project_id":"","speechkit_podcast_id":"","speechkit_error_message":"","speechkit_disabled":"","speechkit_access_key":"","speechkit_error":"","speechkit_info":"","speechkit_response":"","speechkit_retries":"","speechkit_status":"","speechkit_updated_at":"","_speechkit_link":"","_speechkit_text":""},"class_list":["post-149814","etablissement","type-etablissement","status-publish","hentry","type-etablissement-kultur"],"acf":{"id_eta_scn":"","id_app_foodandgood":"","id_exponum":"","abo":["GRAT"],"etoile_michelin":[],"titre_presentation":"Das Lalique-Museum, eine Hommage an den Meister des Kristalls","presentation":"Das Lalique-Museum in Wingen-sur-Moder im Elsass feiert das Erbe und das Genie von Ren\u00e9 Lalique, dem Glask\u00fcnstler und Kristallmeister. Das Museum befindet sich im Herzen des Gebietes, in dem noch immer die St\u00fccke des renommierten Hauses Lalique hergestellt werden und l\u00e4sst den Besucher durch eine au\u00dfergew\u00f6hnliche Sammlung von Werken in die raffinierte Welt des Glases und des Kristalls eintauchen. \n<p data-start=\"63\" data-end=\"450\">Schmuck, Parf\u00fcmflakons, Vasen, Kronleuchter und andere au\u00dfergew\u00f6hnliche St\u00fccke zeigen die Entwicklung von Laliques Stil vom Jugendstil bis zum Art Deco und zeugen von seinem Talent, Licht und Transparenz einzufangen. Mit Hilfe von eleganten Inszenierungen und Lichtspielen l\u00e4dt jeder Raum des Museums zu einer faszinierenden Betrachtung dieser ikonischen Kreationen ein. <\/p>\n<p data-start=\"452\" data-end=\"823\"><\/p>","types_prestation":false,"photo":142316,"photo_bis":142284,"photo_3":142322,"adresse":{"address":"Mus\u00e9e Lalique, Rue du Hochberg, Wingen-sur-Moder, France","lat":48.9263959,"lng":7.362537999999998,"zoom":7,"place_id":"ChIJdav6SAcnlEcR8WDssYs8qTQ","name":"Mus\u00e9e Lalique","street_number":40,"street_name":"Rue du Hochberg","city":"Wingen-sur-Moder","state":"Grand Est","post_code":67290,"country":"France","country_short":"FR"},"horaires":"Montag: Geschlossen\nDienstag: 10:00 - 18:00 Uhr\nMittwoch: 10:00 - 18:00 Uhr\nDonnerstag: 10:00 - 18:00 Uhr\nFreitag: 10:00 - 18:00 Uhr\nSamstag: 10:00 - 18:00 Uhr\nSonntag: 10:00 - 18:00 Uhr","tel":"03 88 89 08 14","boutons":[{"title":"Internetseite","link":"https:\/\/www.musee-lalique.com\/"}],"boutons_reservation":"","boutons_social":[{"type":"facebook-f","link":"https:\/\/www.facebook.com\/museelalique\/"},{"type":"instagram","link":"https:\/\/www.instagram.com\/museelalique\/?hl=fr"}],"articles":null},"_links":{"self":[{"href":"https:\/\/foodandgood.fr\/de\/wp-json\/wp\/v2\/etablissement\/149814","targetHints":{"allow":["GET"]}}],"collection":[{"href":"https:\/\/foodandgood.fr\/de\/wp-json\/wp\/v2\/etablissement"}],"about":[{"href":"https:\/\/foodandgood.fr\/de\/wp-json\/wp\/v2\/types\/etablissement"}],"author":[{"embeddable":true,"href":"https:\/\/foodandgood.fr\/de\/wp-json\/wp\/v2\/users\/13"}],"replies":[{"embeddable":true,"href":"https:\/\/foodandgood.fr\/de\/wp-json\/wp\/v2\/comments?post=149814"}],"version-history":[{"count":1,"href":"https:\/\/foodandgood.fr\/de\/wp-json\/wp\/v2\/etablissement\/149814\/revisions"}],"predecessor-version":[{"id":151990,"href":"https:\/\/foodandgood.fr\/de\/wp-json\/wp\/v2\/etablissement\/149814\/revisions\/151990"}],"wp:attachment":[{"href":"https:\/\/foodandgood.fr\/de\/wp-json\/wp\/v2\/media?parent=149814"}],"curies":[{"name":"wp","href":"https:\/\/api.w.org\/{rel}","templated":true}]}}

Musée Lalique

Das Lalique-Museum in Wingen-sur-Moder im Elsass feiert das Erbe und das Genie von René Lalique, dem Glaskünstler und Kristallmeister. Das Museum befindet sich im Herzen des Gebietes, in dem noch immer die Stücke des renommierten Hauses Lalique hergestellt werden und lässt den Besucher durch eine außergewöhnliche Sammlung von Werken in die raffinierte Welt des Glases und des Kristalls eintauchen. 
<p data-start="63" data-end="450">Schmuck, Parfümflakons, Vasen, Kronleuchter und andere außergewöhnliche Stücke zeigen die Entwicklung von Laliques Stil vom Jugendstil bis zum Art Deco und zeugen von seinem Talent, Licht und Transparenz einzufangen. Mit Hilfe von eleganten Inszenierungen und Lichtspielen lädt jeder Raum des Museums zu einer faszinierenden Betrachtung dieser ikonischen Kreationen ein. </p>
<p data-start="452" data-end="823"></p>

Musée Lalique, Rue du Hochberg, Wingen-sur-Moder, France
