 {"id":149732,"date":"2025-02-24T11:07:34","date_gmt":"2025-02-24T10:07:34","guid":{"rendered":"https:\/\/foodandgood.fr\/etablissement\/heiligtum-auf-dem-mont-sainte-odile\/"},"modified":"2025-04-14T12:18:52","modified_gmt":"2025-04-14T10:18:52","slug":"heiligtum-auf-dem-mont-sainte-odile","status":"publish","type":"etablissement","link":"https:\/\/foodandgood.fr\/de\/heiligtum-auf-dem-mont-sainte-odile\/","title":{"rendered":"Sanctuaire du Mont Sainte-Odile"},"excerpt":{"rendered":"","protected":false},"author":13,"comment_status":"closed","ping_status":"closed","template":"","meta":{"_acf_changed":false,"beyondwords_generate_audio":"","beyondwords_integration_method":"","beyondwords_project_id":"","beyondwords_content_id":"","beyondwords_preview_token":"","beyondwords_player_content":"","beyondwords_player_style":"","beyondwords_language_code":"","beyondwords_language_id":"","beyondwords_title_voice_id":"","beyondwords_body_voice_id":"","beyondwords_summary_voice_id":"","beyondwords_error_message":"","beyondwords_disabled":"","beyondwords_delete_content":"","beyondwords_podcast_id":"","beyondwords_hash":"","publish_post_to_speechkit":"","speechkit_hash":"","speechkit_generate_audio":"","speechkit_project_id":"","speechkit_podcast_id":"","speechkit_error_message":"","speechkit_disabled":"","speechkit_access_key":"","speechkit_error":"","speechkit_info":"","speechkit_response":"","speechkit_retries":"","speechkit_status":"","speechkit_updated_at":"","_speechkit_link":"","_speechkit_text":""},"class_list":["post-149732","etablissement","type-etablissement","status-publish","hentry","type-etablissement-kultur"],"acf":{"id_eta_scn":"","id_app_foodandgood":"","id_exponum":"","abo":[],"etoile_michelin":[],"titre_presentation":"Ein geschichtstr\u00e4chtiger spiritueller und panoramischer Ort","presentation":"<p data-start=\"65\" data-end=\"482\">Der 763 m hohe Mont Sainte-Odile ist eine der symboltr\u00e4chtigsten Sehensw\u00fcrdigkeiten des Elsass. Das Heiligtum, das der Heiligen Odilia, der Schutzpatronin der Region, gewidmet ist, ist ein wichtiger Wallfahrtsort, aber auch ein Naturgebiet von atemberaubender Sch\u00f6nheit. Schon bei der Ankunft bietet das Panorama \u00fcber die els\u00e4ssische Ebene und den Schwarzwald einen grandiosen Anblick, der zur Ruhe und Kontemplation einl\u00e4dt.  <\/p>\n<p data-start=\"65\" data-end=\"482\">Das im Mittelalter gegr\u00fcndete Kloster hat die Jahrhunderte \u00fcberdauert und ist zu einem spirituellen und kulturellen Symbol geworden. Besucher k\u00f6nnen die Kapelle der Tr\u00e4nen, die Kapelle der Engel und die ber\u00fchmte Wunderquelle, die mit der Legende der heiligen Odilia verbunden ist, entdecken. Eine wahre Reise durch die Geschichte und den Glauben in einer beruhigenden nat\u00fcrlichen Umgebung.  <\/p>","types_prestation":false,"photo":140559,"photo_bis":140527,"photo_3":140540,"adresse":{"address":"Sanctuaire du Mont Sainte Odile, Mont Sainte-Odile, Ottrott, France","lat":48.43764199999999,"lng":7.404859099999999,"zoom":7,"place_id":"ChIJJ2eN19NTkUcRXoB--MiKG9w","name":"Sanctuaire du Mont Sainte Odile","city":"Ottrott","state":"Grand Est","post_code":67530,"country":"France","country_short":"FR"},"horaires":"Montag: 07:30 - 21:00 Uhr\nDienstag: 07:30 - 21:00 Uhr\nMittwoch: 07:30 - 21:00 Uhr\nDonnerstag: 07:30 - 21:00 Uhr\nFreitag: 07:30 - 21:00 Uhr\nSamstag: 07:30 - 21:00 Uhr\nSonntag: 07:30 - 21:00 Uhr","tel":"03 88 95 80 53","boutons":[{"title":"Internetseite","link":"https:\/\/www.mont-sainte-odile.com\/"}],"boutons_reservation":"","boutons_social":null,"articles":null},"_links":{"self":[{"href":"https:\/\/foodandgood.fr\/de\/wp-json\/wp\/v2\/etablissement\/149732","targetHints":{"allow":["GET"]}}],"collection":[{"href":"https:\/\/foodandgood.fr\/de\/wp-json\/wp\/v2\/etablissement"}],"about":[{"href":"https:\/\/foodandgood.fr\/de\/wp-json\/wp\/v2\/types\/etablissement"}],"author":[{"embeddable":true,"href":"https:\/\/foodandgood.fr\/de\/wp-json\/wp\/v2\/users\/13"}],"replies":[{"embeddable":true,"href":"https:\/\/foodandgood.fr\/de\/wp-json\/wp\/v2\/comments?post=149732"}],"version-history":[{"count":1,"href":"https:\/\/foodandgood.fr\/de\/wp-json\/wp\/v2\/etablissement\/149732\/revisions"}],"predecessor-version":[{"id":150337,"href":"https:\/\/foodandgood.fr\/de\/wp-json\/wp\/v2\/etablissement\/149732\/revisions\/150337"}],"wp:attachment":[{"href":"https:\/\/foodandgood.fr\/de\/wp-json\/wp\/v2\/media?parent=149732"}],"curies":[{"name":"wp","href":"https:\/\/api.w.org\/{rel}","templated":true}]}}

Ein geschichtsträchtiger spiritueller und panoramischer Ort

<p data-start="65" data-end="482">Der 763 m hohe Mont Sainte-Odile ist eine der symbolträchtigsten Sehenswürdigkeiten des Elsass. Das Heiligtum, das der Heiligen Odilia, der Schutzpatronin der Region, gewidmet ist, ist ein wichtiger Wallfahrtsort, aber auch ein Naturgebiet von atemberaubender Schönheit. Schon bei der Ankunft bietet das Panorama über die elsässische Ebene und den Schwarzwald einen grandiosen Anblick, der zur Ruhe und Kontemplation einlädt.  </p>
<p data-start="65" data-end="482">Das im Mittelalter gegründete Kloster hat die Jahrhunderte überdauert und ist zu einem spirituellen und kulturellen Symbol geworden. Besucher können die Kapelle der Tränen, die Kapelle der Engel und die berühmte Wunderquelle, die mit der Legende der heiligen Odilia verbunden ist, entdecken. Eine wahre Reise durch die Geschichte und den Glauben in einer beruhigenden natürlichen Umgebung.  </p>
