 {"id":146215,"date":"2025-02-18T14:26:35","date_gmt":"2025-02-18T13:26:35","guid":{"rendered":"https:\/\/foodandgood.fr\/etablissement\/der-park-des-kleinen-prinzen\/"},"modified":"2025-04-14T12:19:32","modified_gmt":"2025-04-14T10:19:32","slug":"der-park-des-kleinen-prinzen","status":"publish","type":"etablissement","link":"https:\/\/foodandgood.fr\/de\/der-park-des-kleinen-prinzen\/","title":{"rendered":"Le Parc du Petit Prince"},"excerpt":{"rendered":"","protected":false},"author":13,"comment_status":"closed","ping_status":"closed","template":"","meta":{"_acf_changed":false,"beyondwords_generate_audio":"","beyondwords_integration_method":"","beyondwords_project_id":"","beyondwords_content_id":"","beyondwords_preview_token":"","beyondwords_player_content":"","beyondwords_player_style":"","beyondwords_language_code":"","beyondwords_language_id":"","beyondwords_title_voice_id":"","beyondwords_body_voice_id":"","beyondwords_summary_voice_id":"","beyondwords_error_message":"","beyondwords_disabled":"","beyondwords_delete_content":"","beyondwords_podcast_id":"","beyondwords_hash":"","publish_post_to_speechkit":"","speechkit_hash":"","speechkit_generate_audio":"","speechkit_project_id":"","speechkit_podcast_id":"","speechkit_error_message":"","speechkit_disabled":"","speechkit_access_key":"","speechkit_error":"","speechkit_info":"","speechkit_response":"","speechkit_retries":"","speechkit_status":"","speechkit_updated_at":"","_speechkit_link":"","_speechkit_text":""},"class_list":["post-146215","etablissement","type-etablissement","status-publish","hentry","type-etablissement-themenpark"],"acf":{"id_eta_scn":"","id_app_foodandgood":"","id_exponum":"","abo":["GRAT"],"etoile_michelin":[],"titre_presentation":"Der Park des kleinen Prinzen: ein m\u00e4rchenhaftes Abenteuer im Elsass","presentation":"Der Parc du Petit Prince in Ungersheim, im Herzen des Elsass, ist ein einzigartiger Ort, der vollst\u00e4ndig von der ber\u00fchmten Geschichte von Antoine de Saint-Exup\u00e9ry inspiriert wurde. Der 24 Hektar gro\u00dfe Park wurde 2014 er\u00f6ffnet und l\u00e4dt Gro\u00df und Klein zu einem magischen Erlebnis zwischen Himmel und Erde ein. \n\nMit seinen 36 Attraktionen und Animationen ist der Park um drei gro\u00dfe Themen herum aufgebaut: Fliegen, Reisen und Tiere. Eines der beeindruckendsten Erlebnisse? An Bord eines Fesselballons zu gehen und auf 150 Meter H\u00f6he zu steigen, um ein atemberaubendes Panorama \u00fcber die Region zu bewundern. F\u00fcr die Liebhaber von Sensationen gibt es Fahrgesch\u00e4fte wie die fliegenden St\u00fchle oder den Schlangenzug, die Momente voller Emotionen und Lachen f\u00fcr die ganze Familie garantieren!   ","types_prestation":false,"photo":133958,"photo_bis":134921,"photo_3":134873,"adresse":{"address":"Le Parc du Petit Prince, Rue de l'Espoir, Ungersheim, France","lat":47.8615079,"lng":7.297690200000001,"zoom":7,"place_id":"ChIJ-Sqrlwd5kUcRNTmqZ_bFXKc","name":"Le Parc du Petit Prince","street_name":"Rue de l'Espoir","city":"Ungersheim","state":"Grand Est","post_code":68190,"country":"France","country_short":"FR"},"horaires":"Montag: Geschlossen\nDienstag: Geschlossen\nMittwoch: Geschlossen\nDonnerstag: Geschlossen\nFreitag: Geschlossen\nSamstag: 10:00 - 17:00\nSonntag: 10:00 - 17:00","tel":"03 89 62 43 00","boutons":[{"title":"Internetseite","link":"https:\/\/parcdupetitprince.com\/"}],"boutons_reservation":"","boutons_social":null,"articles":null},"_links":{"self":[{"href":"https:\/\/foodandgood.fr\/de\/wp-json\/wp\/v2\/etablissement\/146215","targetHints":{"allow":["GET"]}}],"collection":[{"href":"https:\/\/foodandgood.fr\/de\/wp-json\/wp\/v2\/etablissement"}],"about":[{"href":"https:\/\/foodandgood.fr\/de\/wp-json\/wp\/v2\/types\/etablissement"}],"author":[{"embeddable":true,"href":"https:\/\/foodandgood.fr\/de\/wp-json\/wp\/v2\/users\/13"}],"replies":[{"embeddable":true,"href":"https:\/\/foodandgood.fr\/de\/wp-json\/wp\/v2\/comments?post=146215"}],"version-history":[{"count":1,"href":"https:\/\/foodandgood.fr\/de\/wp-json\/wp\/v2\/etablissement\/146215\/revisions"}],"predecessor-version":[{"id":149315,"href":"https:\/\/foodandgood.fr\/de\/wp-json\/wp\/v2\/etablissement\/146215\/revisions\/149315"}],"wp:attachment":[{"href":"https:\/\/foodandgood.fr\/de\/wp-json\/wp\/v2\/media?parent=146215"}],"curies":[{"name":"wp","href":"https:\/\/api.w.org\/{rel}","templated":true}]}}

Der Park des kleinen Prinzen: ein märchenhaftes Abenteuer im Elsass

Der Parc du Petit Prince in Ungersheim, im Herzen des Elsass, ist ein einzigartiger Ort, der vollständig von der berühmten Geschichte von Antoine de Saint-Exupéry inspiriert wurde. Der 24 Hektar große Park wurde 2014 eröffnet und lädt Groß und Klein zu einem magischen Erlebnis zwischen Himmel und Erde ein. 

Mit seinen 36 Attraktionen und Animationen ist der Park um drei große Themen herum aufgebaut: Fliegen, Reisen und Tiere. Eines der beeindruckendsten Erlebnisse? An Bord eines Fesselballons zu gehen und auf 150 Meter Höhe zu steigen, um ein atemberaubendes Panorama über die Region zu bewundern. Für die Liebhaber von Sensationen gibt es Fahrgeschäfte wie die fliegenden Stühle oder den Schlangenzug, die Momente voller Emotionen und Lachen für die ganze Familie garantieren!
