 {"id":109698,"date":"2024-08-08T10:40:50","date_gmt":"2024-08-08T08:40:50","guid":{"rendered":"https:\/\/foodandgood.fr\/etablissement\/bk-messer\/"},"modified":"2025-04-17T08:22:16","modified_gmt":"2025-04-17T06:22:16","slug":"bk-messer","status":"publish","type":"etablissement","link":"https:\/\/foodandgood.fr\/de\/bk-messer\/","title":{"rendered":"Couteaux BK"},"excerpt":{"rendered":"","protected":false},"author":1,"comment_status":"closed","ping_status":"closed","template":"","meta":{"_acf_changed":false,"beyondwords_generate_audio":"","beyondwords_integration_method":"","beyondwords_project_id":"","beyondwords_content_id":"","beyondwords_preview_token":"","beyondwords_player_content":"","beyondwords_player_style":"","beyondwords_language_code":"","beyondwords_language_id":"","beyondwords_title_voice_id":"","beyondwords_body_voice_id":"","beyondwords_summary_voice_id":"","beyondwords_error_message":"","beyondwords_disabled":"","beyondwords_delete_content":"","beyondwords_podcast_id":"","beyondwords_hash":"","publish_post_to_speechkit":"","speechkit_hash":"","speechkit_generate_audio":"","speechkit_project_id":"","speechkit_podcast_id":"","speechkit_error_message":"","speechkit_disabled":"","speechkit_access_key":"","speechkit_error":"","speechkit_info":"","speechkit_response":"","speechkit_retries":"","speechkit_status":"","speechkit_updated_at":"","_speechkit_link":"","_speechkit_text":""},"class_list":["post-109698","etablissement","type-etablissement","status-publish","has-post-thumbnail","hentry","type-etablissement-kunsthandwerker-kreative"],"acf":{"id_eta_scn":"","id_app_foodandgood":"","id_exponum":31261,"abo":[],"etoile_michelin":[],"titre_presentation":"Herstellung von handgefertigten Messern","presentation":"<p>Olivier BRIEY, der schon immer eine Leidenschaft f\u00fcr Messer hatte, fertigte sein erstes Messer im Alter von 16 Jahren an. Seitdem hat er sich st\u00e4ndig weitergebildet und verbessert. Nach einem DUT in Maschinenbau und Produktionstechnik und seiner Leidenschaft f\u00fcr die Metallurgie und die Verarbeitung von Stahl praktizierte er die Messerherstellung parallel zu seiner beruflichen Karriere als leitender Angestellter im Handel f\u00fcr etwa 30 Jahre. Im Jahr 2021 entschied er sich, Vollzeit-Messermacher zu werden und von dieser Leidenschaft zu leben, f\u00fcr die er seinen Inspirationen folgt, die er haupts\u00e4chlich von traditionellen amerikanischen Messern und japanischen Klingen erh\u00e4lt.   <\/p>\n","types_prestation":false,"photo":111159,"photo_bis":111151,"photo_3":111152,"adresse":null,"horaires":"<p>Besichtigung: nach vorheriger telefonischer Vereinbarung<\/p>\n","tel":"","boutons":[{"title":"Internetseite","link":"https:\/\/metiersdart.grandest.fr\/index.php\/couteaux-bk\/coutelier\/domaine-du-metal\/artisans-du-grand-est#sthash.Psr6hn9R.dpbs"}],"boutons_reservation":"","boutons_social":null,"articles":[{"title":"","text":"","image":120941},{"title":"","text":"","image":null}]},"_links":{"self":[{"href":"https:\/\/foodandgood.fr\/de\/wp-json\/wp\/v2\/etablissement\/109698","targetHints":{"allow":["GET"]}}],"collection":[{"href":"https:\/\/foodandgood.fr\/de\/wp-json\/wp\/v2\/etablissement"}],"about":[{"href":"https:\/\/foodandgood.fr\/de\/wp-json\/wp\/v2\/types\/etablissement"}],"author":[{"embeddable":true,"href":"https:\/\/foodandgood.fr\/de\/wp-json\/wp\/v2\/users\/1"}],"replies":[{"embeddable":true,"href":"https:\/\/foodandgood.fr\/de\/wp-json\/wp\/v2\/comments?post=109698"}],"version-history":[{"count":1,"href":"https:\/\/foodandgood.fr\/de\/wp-json\/wp\/v2\/etablissement\/109698\/revisions"}],"predecessor-version":[{"id":111161,"href":"https:\/\/foodandgood.fr\/de\/wp-json\/wp\/v2\/etablissement\/109698\/revisions\/111161"}],"wp:featuredmedia":[{"embeddable":true,"href":"https:\/\/foodandgood.fr\/de\/wp-json\/wp\/v2\/media\/109689"}],"wp:attachment":[{"href":"https:\/\/foodandgood.fr\/de\/wp-json\/wp\/v2\/media?parent=109698"}],"curies":[{"name":"wp","href":"https:\/\/api.w.org\/{rel}","templated":true}]}}

<p>Olivier BRIEY, der schon immer eine Leidenschaft für Messer hatte, fertigte sein erstes Messer im Alter von 16 Jahren an. Seitdem hat er sich ständig weitergebildet und verbessert. Nach einem DUT in Maschinenbau und Produktionstechnik und seiner Leidenschaft für die Metallurgie und die Verarbeitung von Stahl praktizierte er die Messerherstellung parallel zu seiner beruflichen Karriere als leitender Angestellter im Handel für etwa 30 Jahre. Im Jahr 2021 entschied er sich, Vollzeit-Messermacher zu werden und von dieser Leidenschaft zu leben, für die er seinen Inspirationen folgt, die er hauptsächlich von traditionellen amerikanischen Messern und japanischen Klingen erhält.   </p>
