 {"id":108905,"date":"2024-08-07T15:59:13","date_gmt":"2024-08-07T13:59:13","guid":{"rendered":"https:\/\/foodandgood.fr\/etablissement\/brauerei-la-fouillotte\/"},"modified":"2024-09-11T10:46:20","modified_gmt":"2024-09-11T08:46:20","slug":"brauerei-la-fouillotte","status":"publish","type":"etablissement","link":"https:\/\/foodandgood.fr\/de\/brauerei-la-fouillotte\/","title":{"rendered":"Brasserie La Fouillotte"},"excerpt":{"rendered":"","protected":false},"author":1,"comment_status":"closed","ping_status":"closed","template":"","meta":{"_acf_changed":false,"beyondwords_generate_audio":"","beyondwords_integration_method":"","beyondwords_project_id":"","beyondwords_content_id":"","beyondwords_preview_token":"","beyondwords_player_content":"","beyondwords_player_style":"","beyondwords_language_code":"","beyondwords_language_id":"","beyondwords_title_voice_id":"","beyondwords_body_voice_id":"","beyondwords_summary_voice_id":"","beyondwords_error_message":"","beyondwords_disabled":"","beyondwords_delete_content":"","beyondwords_podcast_id":"","beyondwords_hash":"","publish_post_to_speechkit":"","speechkit_hash":"","speechkit_generate_audio":"","speechkit_project_id":"","speechkit_podcast_id":"","speechkit_error_message":"","speechkit_disabled":"","speechkit_access_key":"","speechkit_error":"","speechkit_info":"","speechkit_response":"","speechkit_retries":"","speechkit_status":"","speechkit_updated_at":"","_speechkit_link":"","_speechkit_text":""},"class_list":["post-108905","etablissement","type-etablissement","status-publish","has-post-thumbnail","hentry","type-etablissement-handwerkliche-brauerei"],"acf":{"id_eta_scn":"","id_app_foodandgood":"","id_exponum":49471,"abo":["GRAT"],"etoile_michelin":[],"titre_presentation":"Kreation von handwerklich hergestellten Bieren","presentation":"<p>Wir bieten eine breite Palette von Bieren an, die mit Liebe in unserer Brauerei in Epinal gebraut werden.\nSie werden alle mit den besten Malzsorten und Hopfen hergestellt und nicht pasteurisiert, um ihre aromatische Kraft zu bewahren.\nBlonde, Blanche, Ambr\u00e9e, Stout, IPA oder Fruchtbier, es gibt bestimmt ein Fouillotte, das zu Ihnen passt!  <\/p>\n","types_prestation":false,"photo":109075,"photo_bis":109076,"photo_3":109077,"adresse":{"address":"Brasserie La Fouillotte, Rue Christophe Denis, \u00c9pinal, France","lat":48.1631636,"lng":6.4527297,"zoom":7,"place_id":"ChIJh2-JDoCgk0cRxYirMsSBv-Y","name":"Brasserie La Fouillotte","street_number":8,"street_name":"Rue Christophe Denis","city":"\u00c9pinal","state":"Grand Est","post_code":88000,"country":"France","country_short":"FR"},"horaires":"<p>Montag: Geschlossen<br> Dienstag: 10:00 - 18:00<br> Mittwoch: 10:00 - 18:00<br> Donnerstag: 10:00 - 18:00<br> Freitag: 10:00 - 18:00<br> Samstag: 10:00 - 17:00<br> Sonntag: Geschlossen<\/p>\n","tel":"03 29 33 03 74","boutons":[{"title":"Webseite","link":"http:\/\/www.lafouillotte.fr\/"}],"boutons_reservation":"","boutons_social":null,"articles":[{"title":"","text":"<p>La Fouillotte organisiert regelm\u00e4\u00dfig Veranstaltungen, Konzerte und Tage der offenen T\u00fcr in der Brasserie.<\/p>\n<h1>4. und 5. Oktober l'octoFou, die Brauerei feiert ihr 8-j\u00e4hriges Bestehen<\/h1>\n<p>Weitere Informationen finden Sie auf unserer Facebook-Seite: brasserielafouilotte<\/p>\n","image":109078}]},"_links":{"self":[{"href":"https:\/\/foodandgood.fr\/de\/wp-json\/wp\/v2\/etablissement\/108905","targetHints":{"allow":["GET"]}}],"collection":[{"href":"https:\/\/foodandgood.fr\/de\/wp-json\/wp\/v2\/etablissement"}],"about":[{"href":"https:\/\/foodandgood.fr\/de\/wp-json\/wp\/v2\/types\/etablissement"}],"author":[{"embeddable":true,"href":"https:\/\/foodandgood.fr\/de\/wp-json\/wp\/v2\/users\/1"}],"replies":[{"embeddable":true,"href":"https:\/\/foodandgood.fr\/de\/wp-json\/wp\/v2\/comments?post=108905"}],"version-history":[{"count":1,"href":"https:\/\/foodandgood.fr\/de\/wp-json\/wp\/v2\/etablissement\/108905\/revisions"}],"predecessor-version":[{"id":109089,"href":"https:\/\/foodandgood.fr\/de\/wp-json\/wp\/v2\/etablissement\/108905\/revisions\/109089"}],"wp:featuredmedia":[{"embeddable":true,"href":"https:\/\/foodandgood.fr\/de\/wp-json\/wp\/v2\/media\/108842"}],"wp:attachment":[{"href":"https:\/\/foodandgood.fr\/de\/wp-json\/wp\/v2\/media?parent=108905"}],"curies":[{"name":"wp","href":"https:\/\/api.w.org\/{rel}","templated":true}]}}

<p>Wir bieten eine breite Palette von Bieren an, die mit Liebe in unserer Brauerei in Epinal gebraut werden.
Sie werden alle mit den besten Malzsorten und Hopfen hergestellt und nicht pasteurisiert, um ihre aromatische Kraft zu bewahren.
Blonde, Blanche, Ambrée, Stout, IPA oder Fruchtbier, es gibt bestimmt ein Fouillotte, das zu Ihnen passt!  </p>

Brasserie La Fouillotte, Rue Christophe Denis, Épinal, France

Épinal

<p>La Fouillotte organisiert regelmäßig Veranstaltungen, Konzerte und Tage der offenen Tür in der Brasserie.</p>
<h1>4. und 5. Oktober l'octoFou, die Brauerei feiert ihr 8-jähriges Bestehen</h1>
<p>Weitere Informationen finden Sie auf unserer Facebook-Seite: brasserielafouilotte</p>
