 {"id":108732,"date":"2024-08-07T15:06:52","date_gmt":"2024-08-07T13:06:52","guid":{"rendered":"https:\/\/foodandgood.fr\/etablissement\/brauerei-coop-grenaille\/"},"modified":"2024-10-16T14:35:01","modified_gmt":"2024-10-16T12:35:01","slug":"brauerei-coop-grenaille","status":"publish","type":"etablissement","link":"https:\/\/foodandgood.fr\/de\/brauerei-coop-grenaille\/","title":{"rendered":"Brasserie Grenaille"},"excerpt":{"rendered":"","protected":false},"author":1,"comment_status":"closed","ping_status":"closed","template":"","meta":{"_acf_changed":false,"beyondwords_generate_audio":"","beyondwords_integration_method":"","beyondwords_project_id":"","beyondwords_content_id":"","beyondwords_preview_token":"","beyondwords_player_content":"","beyondwords_player_style":"","beyondwords_language_code":"","beyondwords_language_id":"","beyondwords_title_voice_id":"","beyondwords_body_voice_id":"","beyondwords_summary_voice_id":"","beyondwords_error_message":"","beyondwords_disabled":"","beyondwords_delete_content":"","beyondwords_podcast_id":"","beyondwords_hash":"","publish_post_to_speechkit":"","speechkit_hash":"","speechkit_generate_audio":"","speechkit_project_id":"","speechkit_podcast_id":"","speechkit_error_message":"","speechkit_disabled":"","speechkit_access_key":"","speechkit_error":"","speechkit_info":"","speechkit_response":"","speechkit_retries":"","speechkit_status":"","speechkit_updated_at":"","_speechkit_link":"","_speechkit_text":""},"class_list":["post-108732","etablissement","type-etablissement","status-publish","has-post-thumbnail","hentry","type-etablissement-handwerkliche-brauerei"],"acf":{"id_eta_scn":"","id_app_foodandgood":"","id_exponum":"","abo":[],"etoile_michelin":[],"titre_presentation":"Kooperative Brauerei","presentation":"<p>Alle Biere der Brasserie GRENAILLE werden vor Ort in Rosi\u00e8res aux Salines nach einer handwerklichen Methode von Hand gebraut.<\/p>\n<p>Es handelt sich um oberg\u00e4rige Biere, die nicht gefiltert, nicht pasteurisiert und in Flaschen nachgeg\u00e4rt werden.\nSie werden unter der Bezeichnung \"Nature & Progr\u00e8s\" hergestellt. <\/p>\n<p>Die Produktion der Grenaille-Biere erfolgt daher nach einem Lastenheft, das einen globalen und solidarischen \u00f6kologischen Gedanken ber\u00fccksichtigt.<\/p>\n<p>Malz und Hopfen werden nach ihrer Qualit\u00e4t und Herkunft ausgew\u00e4hlt (aus biologischem Anbau und so lokal wie m\u00f6glich).<\/p>\n","types_prestation":false,"photo":108684,"photo_bis":109064,"photo_3":109065,"adresse":{"address":"Brasserie Grenaille, Rue du Capitaine Malhorty, Rosi\u00e8res-aux-Salines, France","lat":48.5961453,"lng":6.335283200000001,"zoom":7,"place_id":"ChIJy9dnj32dlEcRP7zmsWoWsok","name":"Brasserie Grenaille","street_number":39,"street_name":"Rue du Capitaine Malhorty","city":"Rosi\u00e8res-aux-Salines","state":"Grand Est","post_code":54110,"country":"France","country_short":"FR"},"horaires":"<p>Montag: Geschlossen<br> Dienstag: Geschlossen<br> Mittwoch: Geschlossen<br> Donnerstag: Geschlossen<br> Freitag: 16:00 - 20:00<br> Samstag: Geschlossen<br> Sonntag: Geschlossen<\/p>\n","tel":"06 49 92 89 83","boutons":[{"title":"Webseite","link":"https:\/\/www.grenaille.fr"}],"boutons_reservation":"","boutons_social":null,"articles":[{"title":"","text":"<p>Biom\u00e4rkte<br> Konzerte<br> Ausstellungen<br> etc.<\/p>\n","image":122786}]},"_links":{"self":[{"href":"https:\/\/foodandgood.fr\/de\/wp-json\/wp\/v2\/etablissement\/108732","targetHints":{"allow":["GET"]}}],"collection":[{"href":"https:\/\/foodandgood.fr\/de\/wp-json\/wp\/v2\/etablissement"}],"about":[{"href":"https:\/\/foodandgood.fr\/de\/wp-json\/wp\/v2\/types\/etablissement"}],"author":[{"embeddable":true,"href":"https:\/\/foodandgood.fr\/de\/wp-json\/wp\/v2\/users\/1"}],"replies":[{"embeddable":true,"href":"https:\/\/foodandgood.fr\/de\/wp-json\/wp\/v2\/comments?post=108732"}],"version-history":[{"count":1,"href":"https:\/\/foodandgood.fr\/de\/wp-json\/wp\/v2\/etablissement\/108732\/revisions"}],"predecessor-version":[{"id":109060,"href":"https:\/\/foodandgood.fr\/de\/wp-json\/wp\/v2\/etablissement\/108732\/revisions\/109060"}],"wp:featuredmedia":[{"embeddable":true,"href":"https:\/\/foodandgood.fr\/de\/wp-json\/wp\/v2\/media\/108684"}],"wp:attachment":[{"href":"https:\/\/foodandgood.fr\/de\/wp-json\/wp\/v2\/media?parent=108732"}],"curies":[{"name":"wp","href":"https:\/\/api.w.org\/{rel}","templated":true}]}}

<p>Alle Biere der Brasserie GRENAILLE werden vor Ort in Rosières aux Salines nach einer handwerklichen Methode von Hand gebraut.</p>
<p>Es handelt sich um obergärige Biere, die nicht gefiltert, nicht pasteurisiert und in Flaschen nachgegärt werden.
Sie werden unter der Bezeichnung "Nature & Progrès" hergestellt. </p>
<p>Die Produktion der Grenaille-Biere erfolgt daher nach einem Lastenheft, das einen globalen und solidarischen ökologischen Gedanken berücksichtigt.</p>
<p>Malz und Hopfen werden nach ihrer Qualität und Herkunft ausgewählt (aus biologischem Anbau und so lokal wie möglich).</p>

Brasserie Grenaille, Rue du Capitaine Malhorty, Rosières-aux-Salines, France

Rosières-aux-Salines

<p>Biomärkte<br> Konzerte<br> Ausstellungen<br> etc.</p>
