 {"id":108659,"date":"2024-08-07T14:42:07","date_gmt":"2024-08-07T12:42:07","guid":{"rendered":"https:\/\/foodandgood.fr\/etablissement\/brauerei-cheval\/"},"modified":"2024-08-08T05:23:10","modified_gmt":"2024-08-08T03:23:10","slug":"brauerei-cheval","status":"publish","type":"etablissement","link":"https:\/\/foodandgood.fr\/de\/brauerei-cheval\/","title":{"rendered":"Brasserie Cheval"},"excerpt":{"rendered":"","protected":false},"author":1,"comment_status":"closed","ping_status":"closed","template":"","meta":{"_acf_changed":false,"beyondwords_generate_audio":"","beyondwords_integration_method":"","beyondwords_project_id":"","beyondwords_content_id":"","beyondwords_preview_token":"","beyondwords_player_content":"","beyondwords_player_style":"","beyondwords_language_code":"","beyondwords_language_id":"","beyondwords_title_voice_id":"","beyondwords_body_voice_id":"","beyondwords_summary_voice_id":"","beyondwords_error_message":"","beyondwords_disabled":"","beyondwords_delete_content":"","beyondwords_podcast_id":"","beyondwords_hash":"","publish_post_to_speechkit":"","speechkit_hash":"","speechkit_generate_audio":"","speechkit_project_id":"","speechkit_podcast_id":"","speechkit_error_message":"","speechkit_disabled":"","speechkit_access_key":"","speechkit_error":"","speechkit_info":"","speechkit_response":"","speechkit_retries":"","speechkit_status":"","speechkit_updated_at":"","_speechkit_link":"","_speechkit_text":""},"class_list":["post-108659","etablissement","type-etablissement","status-publish","has-post-thumbnail","hentry","type-etablissement-handwerkliche-brauerei"],"acf":{"id_eta_scn":"","id_app_foodandgood":"","id_exponum":49356,"abo":["GRAT"],"etoile_michelin":[],"titre_presentation":"Handwerklich und assoziativ","presentation":"Die Brasserie Cheval ist eine Genossenschaftsbrauerei in Toulois und eine Bar, die eine Reihe von festen und kurzlebigen Bieren anbietet, vom Imperial Season bis zum Mexican Lager. Die Brasserie Cheval wurde 2015 von einer Gruppe von Freunden mit einer Leidenschaft f\u00fcr Bier gegr\u00fcndet. Sie war zun\u00e4chst ein Verein und wurde 2022 in eine Genossenschaft umgewandelt.\nSeit 2023 ist sie BIO-zertifiziert (Bier und Limonade). ","types_prestation":false,"photo":108597,"photo_bis":108598,"photo_3":108603,"adresse":{"address":"Brasserie Cheval, L'Atelier, Rue Pierre-Aim\u00e9 Bouge, Toul, France","lat":48.6798734,"lng":5.8874248,"zoom":7,"place_id":"ChIJHfn-25GulEcRl40ctWD8XXE","name":"Brasserie Cheval","street_number":146,"street_name":"Rue Pierre-Aim\u00e9 Bouge","city":"Toul","state":"Grand Est","post_code":54200,"country":"France","country_short":"FR"},"horaires":"Montag: Geschlossen Dienstag: 17:00 - 20:00 Mittwoch: Geschlossen Donnerstag: Geschlossen Freitag: 16:00 - 22:00 Samstag: Geschlossen Sonntag: Geschlossen","tel":"","boutons":[{"title":"Webseite","link":"http:\/\/www.brasseriecheval.fr\/"}],"boutons_reservation":"","boutons_social":null,"articles":[{"title":"","text":"Neben der Herstellung und dem Verkauf unserer Produkte ist es unser Ziel, Veranstaltungen und Animationen anzubieten, um die Menschen rund um das Bier zusammenzubringen.\nJeden Dienstag-, Donnerstag- und Freitagabend haben Sie die M\u00f6glichkeit, an der Bar neben der Brauerei zu trinken oder etwas mitzunehmen.\nJeden Freitagabend steht ein Foodtruck vor dem Atelier.\nWir bieten Ihnen auch einen Abend pro Monat zus\u00e4tzlich zu den w\u00f6chentlichen Sprechstunden (Karaoke, Konzert, Spiele, etc.).   ","image":108608}]},"_links":{"self":[{"href":"https:\/\/foodandgood.fr\/de\/wp-json\/wp\/v2\/etablissement\/108659","targetHints":{"allow":["GET"]}}],"collection":[{"href":"https:\/\/foodandgood.fr\/de\/wp-json\/wp\/v2\/etablissement"}],"about":[{"href":"https:\/\/foodandgood.fr\/de\/wp-json\/wp\/v2\/types\/etablissement"}],"author":[{"embeddable":true,"href":"https:\/\/foodandgood.fr\/de\/wp-json\/wp\/v2\/users\/1"}],"replies":[{"embeddable":true,"href":"https:\/\/foodandgood.fr\/de\/wp-json\/wp\/v2\/comments?post=108659"}],"version-history":[{"count":1,"href":"https:\/\/foodandgood.fr\/de\/wp-json\/wp\/v2\/etablissement\/108659\/revisions"}],"predecessor-version":[{"id":109041,"href":"https:\/\/foodandgood.fr\/de\/wp-json\/wp\/v2\/etablissement\/108659\/revisions\/109041"}],"wp:featuredmedia":[{"embeddable":true,"href":"https:\/\/foodandgood.fr\/de\/wp-json\/wp\/v2\/media\/108596"}],"wp:attachment":[{"href":"https:\/\/foodandgood.fr\/de\/wp-json\/wp\/v2\/media?parent=108659"}],"curies":[{"name":"wp","href":"https:\/\/api.w.org\/{rel}","templated":true}]}}

Die Brasserie Cheval ist eine Genossenschaftsbrauerei in Toulois und eine Bar, die eine Reihe von festen und kurzlebigen Bieren anbietet, vom Imperial Season bis zum Mexican Lager. Die Brasserie Cheval wurde 2015 von einer Gruppe von Freunden mit einer Leidenschaft für Bier gegründet. Sie war zunächst ein Verein und wurde 2022 in eine Genossenschaft umgewandelt.
Seit 2023 ist sie BIO-zertifiziert (Bier und Limonade).

Brasserie Cheval, L'Atelier, Rue Pierre-Aimé Bouge, Toul, France

Rue Pierre-Aimé Bouge

Neben der Herstellung und dem Verkauf unserer Produkte ist es unser Ziel, Veranstaltungen und Animationen anzubieten, um die Menschen rund um das Bier zusammenzubringen.
Jeden Dienstag-, Donnerstag- und Freitagabend haben Sie die Möglichkeit, an der Bar neben der Brauerei zu trinken oder etwas mitzunehmen.
Jeden Freitagabend steht ein Foodtruck vor dem Atelier.
Wir bieten Ihnen auch einen Abend pro Monat zusätzlich zu den wöchentlichen Sprechstunden (Karaoke, Konzert, Spiele, etc.).
