 {"id":108588,"date":"2024-08-07T14:26:28","date_gmt":"2024-08-07T12:26:28","guid":{"rendered":"https:\/\/foodandgood.fr\/etablissement\/beer-truck-des-alpes\/"},"modified":"2024-10-07T22:01:17","modified_gmt":"2024-10-07T20:01:17","slug":"beer-truck-des-alpes","status":"publish","type":"etablissement","link":"https:\/\/foodandgood.fr\/de\/beer-truck-des-alpes\/","title":{"rendered":"Beer Truck Des Alpes"},"excerpt":{"rendered":"","protected":false},"author":1,"comment_status":"closed","ping_status":"closed","template":"","meta":{"_acf_changed":false,"beyondwords_generate_audio":"","beyondwords_integration_method":"","beyondwords_project_id":"","beyondwords_content_id":"","beyondwords_preview_token":"","beyondwords_player_content":"","beyondwords_player_style":"","beyondwords_language_code":"","beyondwords_language_id":"","beyondwords_title_voice_id":"","beyondwords_body_voice_id":"","beyondwords_summary_voice_id":"","beyondwords_error_message":"","beyondwords_disabled":"","beyondwords_delete_content":"","beyondwords_podcast_id":"","beyondwords_hash":"","publish_post_to_speechkit":"","speechkit_hash":"","speechkit_generate_audio":"","speechkit_project_id":"","speechkit_podcast_id":"","speechkit_error_message":"","speechkit_disabled":"","speechkit_access_key":"","speechkit_error":"","speechkit_info":"","speechkit_response":"","speechkit_retries":"","speechkit_status":"","speechkit_updated_at":"","_speechkit_link":"","_speechkit_text":""},"class_list":["post-108588","etablissement","type-etablissement","status-publish","has-post-thumbnail","hentry","type-etablissement-handwerkliche-brauerei","type-etablissement-rund-um-bier"],"acf":{"id_eta_scn":"","id_app_foodandgood":"","id_exponum":"","abo":[],"etoile_michelin":[],"titre_presentation":"Mikrobrauerei und mobile Bar","presentation":"<p>Der Beer Truck des Alpes ist eine familiengef\u00fchrte, ambulante Mikrobrauerei mit Sitz in La Mure (S\u00fcd-Is\u00e8re).<\/p>\n<p>Urspr\u00fcnglich fuhren wir mit einem gl\u00e4nzenden, rosafarbenen Peugeot J5 4\u00d74 durch die Region. Leider ist der Motor dieses Jahr kaputt gegangen und wir haben einen Anh\u00e4nger mit nicht weniger als 8 Schn\u00e4beln ausgestattet, um ihn zu ersetzen. <\/p>\n<p>Wir bieten eine gro\u00dfe Auswahl an handwerklich gebrauten Bieren und Softdrinks. Hier ist ein Link zu unserem Katalog: https: <a href=\"https:\/\/www.calameo.com\/read\/007262725b355041df7a6\" target=\"_blank\" rel=\"noopener noreferrer\">\/\/www.calameo.com\/read\/007262725b355041df7a6<\/a><\/p>\n<p>Alle unsere Biere werden von Hand gebraut, mit reinstem Quellwasser aus den Alpen, wo wir leben, und mit Rohstoffen aus der Region. Unsere Rezepte werden von den umliegenden Gipfeln und Seen inspiriert, die wir auch auf den Etiketten durch die Zusammenarbeit mit lokalen Fotografen w\u00fcrdigen. <\/p>\n","types_prestation":false,"photo":121503,"photo_bis":121515,"photo_3":109036,"adresse":{"address":"Beer Truck des Alpes, Rue des Alpes, La Mure, France","lat":44.90239159999999,"lng":5.797780899999998,"zoom":7,"place_id":"ChIJZfk8Fjh_ikcRg9OkM1OB-Go","name":"Beer Truck des Alpes","street_number":68,"street_name":"Rue des Alpes","city":"La Mure","state":"Auvergne-Rh\u00f4ne-Alpes","post_code":38350,"country":"France","country_short":"FR"},"horaires":"<p>Montag: 09:00 - 16:30<br> Dienstag: 09:00 - 16:30<br> Mittwoch: Geschlossen<br> Donnerstag: 09:00 - 16:30<br> Freitag: 09:00 - 16:30, 18:00 - 23:00<br> Samstag: 18:00 - 23:00<br> Sonntag: Geschlossen<\/p>\n","tel":"06 98 43 85 49","boutons":[{"title":"Webseite","link":"https:\/\/www.beertruck.beer\/"}],"boutons_reservation":"","boutons_social":null,"articles":[{"title":"","text":"","image":""}]},"_links":{"self":[{"href":"https:\/\/foodandgood.fr\/de\/wp-json\/wp\/v2\/etablissement\/108588","targetHints":{"allow":["GET"]}}],"collection":[{"href":"https:\/\/foodandgood.fr\/de\/wp-json\/wp\/v2\/etablissement"}],"about":[{"href":"https:\/\/foodandgood.fr\/de\/wp-json\/wp\/v2\/types\/etablissement"}],"author":[{"embeddable":true,"href":"https:\/\/foodandgood.fr\/de\/wp-json\/wp\/v2\/users\/1"}],"replies":[{"embeddable":true,"href":"https:\/\/foodandgood.fr\/de\/wp-json\/wp\/v2\/comments?post=108588"}],"version-history":[{"count":1,"href":"https:\/\/foodandgood.fr\/de\/wp-json\/wp\/v2\/etablissement\/108588\/revisions"}],"predecessor-version":[{"id":109015,"href":"https:\/\/foodandgood.fr\/de\/wp-json\/wp\/v2\/etablissement\/108588\/revisions\/109015"}],"wp:featuredmedia":[{"embeddable":true,"href":"https:\/\/foodandgood.fr\/de\/wp-json\/wp\/v2\/media\/121503"}],"wp:attachment":[{"href":"https:\/\/foodandgood.fr\/de\/wp-json\/wp\/v2\/media?parent=108588"}],"curies":[{"name":"wp","href":"https:\/\/api.w.org\/{rel}","templated":true}]}}

<p>Der Beer Truck des Alpes ist eine familiengeführte, ambulante Mikrobrauerei mit Sitz in La Mure (Süd-Isère).</p>
<p>Ursprünglich fuhren wir mit einem glänzenden, rosafarbenen Peugeot J5 4×4 durch die Region. Leider ist der Motor dieses Jahr kaputt gegangen und wir haben einen Anhänger mit nicht weniger als 8 Schnäbeln ausgestattet, um ihn zu ersetzen. </p>
<p>Wir bieten eine große Auswahl an handwerklich gebrauten Bieren und Softdrinks. Hier ist ein Link zu unserem Katalog: https: <a href="https://www.calameo.com/read/007262725b355041df7a6" target="_blank" rel="noopener noreferrer">//www.calameo.com/read/007262725b355041df7a6</a></p>
<p>Alle unsere Biere werden von Hand gebraut, mit reinstem Quellwasser aus den Alpen, wo wir leben, und mit Rohstoffen aus der Region. Unsere Rezepte werden von den umliegenden Gipfeln und Seen inspiriert, die wir auch auf den Etiketten durch die Zusammenarbeit mit lokalen Fotografen würdigen. </p>

Auvergne-Rhône-Alpes
